{"id":21054,"date":"2025-05-05T09:39:31","date_gmt":"2025-05-05T12:39:31","guid":{"rendered":"https:\/\/dev.indexvirtual.com\/fecomercio-2025\/ipdc\/?page_id=21054"},"modified":"2026-02-11T15:05:23","modified_gmt":"2026-02-11T18:05:23","slug":"sobre","status":"publish","type":"page","link":"https:\/\/www.fecomercio-ce.com.br\/ipdc\/sobre\/","title":{"rendered":"Sobre"},"content":{"rendered":"<p>Criado em 1998, o Instituto de Pesquisa e Desenvolvimento do Cear\u00e1 (IPDC) \u00e9 respons\u00e1vel pela elabora\u00e7\u00e3o de estudos e pesquisas, principalmente de vi\u00e9s econ\u00f4mico, fornecendo dados referentes ao comportamento do consumidor.<br \/>\n&nbsp;<br \/>\nDessa forma, o IPDC leva informa\u00e7\u00f5es pr\u00e1ticas e dados estat\u00edsticos confi\u00e1veis que auxiliam as empresas do segmento de com\u00e9rcio de bens, servi\u00e7os e turismo em suas a\u00e7\u00f5es de planejamento e desenvolvimento. O Instituto realiza pesquisas que fornecem dados referentes ao comportamento do consumidor, a situa\u00e7\u00e3o econ\u00f4mica do com\u00e9rcio local e as tend\u00eancias de mercado e de consumo dos fortalezenses.<br \/>\n&nbsp;<br \/>\nAl\u00e9m dos levantamentos realizados sistematicamente e sob encomenda de acordo com as necessidades de cada empresa, o IPDC tamb\u00e9m produz pesquisas tem\u00e1ticas sobre datas importantes para o com\u00e9rcio: Natal, Dia das M\u00e3es, Dia dos Pais, Dia dos Namorados, Dia das Crian\u00e7as e Black Friday.<\/p>\n","protected":false},"excerpt":{"rendered":"<p>Criado em 1998, o Instituto de Pesquisa e Desenvolvimento do Cear\u00e1 (IPDC) \u00e9 respons\u00e1vel pela elabora\u00e7\u00e3o de estudos e pesquisas, principalmente de vi\u00e9s econ\u00f4mico, fornecendo dados referentes ao comportamento do consumidor. &nbsp; Dessa forma, o IPDC leva informa\u00e7\u00f5es pr\u00e1ticas e dados estat\u00edsticos confi\u00e1veis que auxiliam as empresas do segmento de com\u00e9rcio de bens, servi\u00e7os e [&hellip;]<\/p>\n","protected":false},"author":1,"featured_media":0,"parent":0,"menu_order":0,"comment_status":"closed","ping_status":"closed","template":"page-about.php","meta":{"_acf_changed":false,"footnotes":""},"class_list":["post-21054","page","type-page","status-publish","hentry"],"acf":[],"yoast_head":"<!-- This site is optimized with the Yoast SEO plugin v24.3 - https:\/\/yoast.com\/wordpress\/plugins\/seo\/ -->\n<title>Sobre - IPDC<\/title>\n<meta name=\"robots\" content=\"index, follow, max-snippet:-1, max-image-preview:large, max-video-preview:-1\" \/>\n<link rel=\"canonical\" href=\"https:\/\/www.fecomercio-ce.com.br\/ipdc\/sobre\/\" \/>\n<meta property=\"og:locale\" content=\"pt_BR\" \/>\n<meta property=\"og:type\" content=\"article\" \/>\n<meta property=\"og:title\" content=\"Sobre - IPDC\" \/>\n<meta property=\"og:description\" content=\"Criado em 1998, o Instituto de Pesquisa e Desenvolvimento do Cear\u00e1 (IPDC) \u00e9 respons\u00e1vel pela elabora\u00e7\u00e3o de estudos e pesquisas, principalmente de vi\u00e9s econ\u00f4mico, fornecendo dados referentes ao comportamento do consumidor. &nbsp; Dessa forma, o IPDC leva informa\u00e7\u00f5es pr\u00e1ticas e dados estat\u00edsticos confi\u00e1veis que auxiliam as empresas do segmento de com\u00e9rcio de bens, servi\u00e7os e [&hellip;]\" \/>\n<meta property=\"og:url\" content=\"https:\/\/www.fecomercio-ce.com.br\/ipdc\/sobre\/\" \/>\n<meta property=\"og:site_name\" content=\"IPDC\" \/>\n<meta property=\"article:modified_time\" content=\"2026-02-11T18:05:23+00:00\" \/>\n<meta name=\"twitter:card\" content=\"summary_large_image\" \/>\n<meta name=\"twitter:label1\" content=\"Est. tempo de leitura\" \/>\n\t<meta name=\"twitter:data1\" content=\"1 minuto\" \/>\n<script type=\"application\/ld+json\" class=\"yoast-schema-graph\">{\"@context\":\"https:\/\/schema.org\",\"@graph\":[{\"@type\":\"WebPage\",\"@id\":\"https:\/\/www.fecomercio-ce.com.br\/ipdc\/sobre\/\",\"url\":\"https:\/\/www.fecomercio-ce.com.br\/ipdc\/sobre\/\",\"name\":\"Sobre - IPDC\",\"isPartOf\":{\"@id\":\"https:\/\/www.fecomercio-ce.com.br\/ipdc\/#website\"},\"datePublished\":\"2025-05-05T12:39:31+00:00\",\"dateModified\":\"2026-02-11T18:05:23+00:00\",\"breadcrumb\":{\"@id\":\"https:\/\/www.fecomercio-ce.com.br\/ipdc\/sobre\/#breadcrumb\"},\"inLanguage\":\"pt-BR\",\"potentialAction\":[{\"@type\":\"ReadAction\",\"target\":[\"https:\/\/www.fecomercio-ce.com.br\/ipdc\/sobre\/\"]}]},{\"@type\":\"BreadcrumbList\",\"@id\":\"https:\/\/www.fecomercio-ce.com.br\/ipdc\/sobre\/#breadcrumb\",\"itemListElement\":[{\"@type\":\"ListItem\",\"position\":1,\"name\":\"In\u00edcio\",\"item\":\"https:\/\/www.fecomercio-ce.com.br\/ipdc\/\"},{\"@type\":\"ListItem\",\"position\":2,\"name\":\"Sobre\"}]},{\"@type\":\"WebSite\",\"@id\":\"https:\/\/www.fecomercio-ce.com.br\/ipdc\/#website\",\"url\":\"https:\/\/www.fecomercio-ce.com.br\/ipdc\/\",\"name\":\"IPDC\",\"description\":\"\",\"potentialAction\":[{\"@type\":\"SearchAction\",\"target\":{\"@type\":\"EntryPoint\",\"urlTemplate\":\"https:\/\/www.fecomercio-ce.com.br\/ipdc\/?s={search_term_string}\"},\"query-input\":{\"@type\":\"PropertyValueSpecification\",\"valueRequired\":true,\"valueName\":\"search_term_string\"}}],\"inLanguage\":\"pt-BR\"}]}<\/script>\n<!-- \/ Yoast SEO plugin. -->","yoast_head_json":{"title":"Sobre - IPDC","robots":{"index":"index","follow":"follow","max-snippet":"max-snippet:-1","max-image-preview":"max-image-preview:large","max-video-preview":"max-video-preview:-1"},"canonical":"https:\/\/www.fecomercio-ce.com.br\/ipdc\/sobre\/","og_locale":"pt_BR","og_type":"article","og_title":"Sobre - IPDC","og_description":"Criado em 1998, o Instituto de Pesquisa e Desenvolvimento do Cear\u00e1 (IPDC) \u00e9 respons\u00e1vel pela elabora\u00e7\u00e3o de estudos e pesquisas, principalmente de vi\u00e9s econ\u00f4mico, fornecendo dados referentes ao comportamento do consumidor. &nbsp; Dessa forma, o IPDC leva informa\u00e7\u00f5es pr\u00e1ticas e dados estat\u00edsticos confi\u00e1veis que auxiliam as empresas do segmento de com\u00e9rcio de bens, servi\u00e7os e [&hellip;]","og_url":"https:\/\/www.fecomercio-ce.com.br\/ipdc\/sobre\/","og_site_name":"IPDC","article_modified_time":"2026-02-11T18:05:23+00:00","twitter_card":"summary_large_image","twitter_misc":{"Est. tempo de leitura":"1 minuto"},"schema":{"@context":"https:\/\/schema.org","@graph":[{"@type":"WebPage","@id":"https:\/\/www.fecomercio-ce.com.br\/ipdc\/sobre\/","url":"https:\/\/www.fecomercio-ce.com.br\/ipdc\/sobre\/","name":"Sobre - IPDC","isPartOf":{"@id":"https:\/\/www.fecomercio-ce.com.br\/ipdc\/#website"},"datePublished":"2025-05-05T12:39:31+00:00","dateModified":"2026-02-11T18:05:23+00:00","breadcrumb":{"@id":"https:\/\/www.fecomercio-ce.com.br\/ipdc\/sobre\/#breadcrumb"},"inLanguage":"pt-BR","potentialAction":[{"@type":"ReadAction","target":["https:\/\/www.fecomercio-ce.com.br\/ipdc\/sobre\/"]}]},{"@type":"BreadcrumbList","@id":"https:\/\/www.fecomercio-ce.com.br\/ipdc\/sobre\/#breadcrumb","itemListElement":[{"@type":"ListItem","position":1,"name":"In\u00edcio","item":"https:\/\/www.fecomercio-ce.com.br\/ipdc\/"},{"@type":"ListItem","position":2,"name":"Sobre"}]},{"@type":"WebSite","@id":"https:\/\/www.fecomercio-ce.com.br\/ipdc\/#website","url":"https:\/\/www.fecomercio-ce.com.br\/ipdc\/","name":"IPDC","description":"","potentialAction":[{"@type":"SearchAction","target":{"@type":"EntryPoint","urlTemplate":"https:\/\/www.fecomercio-ce.com.br\/ipdc\/?s={search_term_string}"},"query-input":{"@type":"PropertyValueSpecification","valueRequired":true,"valueName":"search_term_string"}}],"inLanguage":"pt-BR"}]}},"_links":{"self":[{"href":"https:\/\/www.fecomercio-ce.com.br\/ipdc\/wp-json\/wp\/v2\/pages\/21054","targetHints":{"allow":["GET"]}}],"collection":[{"href":"https:\/\/www.fecomercio-ce.com.br\/ipdc\/wp-json\/wp\/v2\/pages"}],"about":[{"href":"https:\/\/www.fecomercio-ce.com.br\/ipdc\/wp-json\/wp\/v2\/types\/page"}],"author":[{"embeddable":true,"href":"https:\/\/www.fecomercio-ce.com.br\/ipdc\/wp-json\/wp\/v2\/users\/1"}],"replies":[{"embeddable":true,"href":"https:\/\/www.fecomercio-ce.com.br\/ipdc\/wp-json\/wp\/v2\/comments?post=21054"}],"version-history":[{"count":6,"href":"https:\/\/www.fecomercio-ce.com.br\/ipdc\/wp-json\/wp\/v2\/pages\/21054\/revisions"}],"predecessor-version":[{"id":23493,"href":"https:\/\/www.fecomercio-ce.com.br\/ipdc\/wp-json\/wp\/v2\/pages\/21054\/revisions\/23493"}],"wp:attachment":[{"href":"https:\/\/www.fecomercio-ce.com.br\/ipdc\/wp-json\/wp\/v2\/media?parent=21054"}],"curies":[{"name":"wp","href":"https:\/\/api.w.org\/{rel}","templated":true}]}}