{"id":571,"date":"2025-05-15T08:16:00","date_gmt":"2025-05-15T11:16:00","guid":{"rendered":"https:\/\/www.fecomercio-ce.com.br\/senacce\/?page_id=571"},"modified":"2026-02-13T11:33:51","modified_gmt":"2026-02-13T14:33:51","slug":"conheca-o-sistema-fecomercio","status":"publish","type":"page","link":"https:\/\/www.fecomercio-ce.com.br\/senacce\/conheca-o-sistema-fecomercio\/","title":{"rendered":"Nossa hist\u00f3ria"},"content":{"rendered":"<p><strong>Fecom\u00e9rcio<\/strong><\/p>\n<p>&nbsp;<\/p>\n<p>Fundada em 1948, a Federa\u00e7\u00e3o do Com\u00e9rcio de Bens, Servi\u00e7os e Turismo do Estado do Cear\u00e1 (Fecom\u00e9rcio) \u00e9 uma entidade sindical patronal que congrega 34 sindicatos do setor do com\u00e9rcio, os quais representam mais de 150 mil empresas atacadistas e varejistas. Os segmentos representados pela Fecom\u00e9rcio correspondem a 56,7% da economia de Fortaleza, assim como \u00e9 o setor que mais emprega, com mais de 567 mil trabalhadores com carteira assinada, representando 55,7% do emprego formal.<\/p>\n<p>A Fecom\u00e9rcio administra tamb\u00e9m o Sesc (Servi\u00e7o Social do Com\u00e9rcio), o Senac (Servi\u00e7o Nacional de Aprendizagem Comercial) e o IPDC (Instituto de Pesquisa e Desenvolvimento do Com\u00e9rcio).<\/p>\n<p>A uni\u00e3o dessas institui\u00e7\u00f5es forma o Sistema Fecom\u00e9rcio\/Sesc\/Senac\/IPDC, que, em 75 anos de atividade no Cear\u00e1, tem marcado a sua atua\u00e7\u00e3o na representatividade e na defesa das principais causas das empresas do com\u00e9rcio e no desenvolvimento dos comerci\u00e1rios e da comunidade em geral por meio de iniciativas que visam educar, melhorar e transformar vidas, visando assegurar uma sociedade mais justa e com oportunidades para todos.<\/p>\n<p>&nbsp;<\/p>\n<p>&nbsp;<\/p>\n<p><strong>O que \u00e9 o Sesc?<\/strong><\/p>\n<p>&nbsp;<\/p>\n<p>O Servi\u00e7o Social do Com\u00e9rcio (Sesc) \u00e9 uma institui\u00e7\u00e3o de car\u00e1ter privado e sem fins lucrativos, mantida por empres\u00e1rios do com\u00e9rcio de bens, servi\u00e7os e turismo e administrada pela Fecom\u00e9rcio (Federa\u00e7\u00e3o do Com\u00e9rcio de Bens, Servi\u00e7os e Turismo do Estado do Cear\u00e1).<\/p>\n<p>Criado em 1946 pelos empres\u00e1rios do com\u00e9rcio de bens, servi\u00e7os e turismo, o Sesc \u00e9 mantido por uma contribui\u00e7\u00e3o recolhida por esses empres\u00e1rios, especificamente para essa finalidade.<\/p>\n<p>Com esse recurso, o Sesc oferece aos trabalhadores do com\u00e9rcio e ao p\u00fablico em geral, gratuitamente ou a pre\u00e7os reduzidos, instala\u00e7\u00f5es, servi\u00e7os e atividades nas \u00e1reas de Educa\u00e7\u00e3o, Cultura, Sa\u00fade, Lazer e Assist\u00eancia.<\/p>\n<p>Criado em 13 de setembro de 1946 \u2013 e sua unidade no Cear\u00e1, em 20 de maio de 1948 \u2013, o Servi\u00e7o Social do Com\u00e9rcio (Sesc) \u00e9 uma institui\u00e7\u00e3o social, de car\u00e1ter privado e sem fins lucrativos, criada e mantida por empres\u00e1rios do com\u00e9rcio de bens, servi\u00e7os e turismo.<\/p>\n<p>Atua como agente facilitador da transforma\u00e7\u00e3o da sociedade, estimulando o desenvolvimento da cidadania e contribuindo para a melhoria da qualidade de vida dos comerci\u00e1rios e da comunidade em geral, atrav\u00e9s de a\u00e7\u00f5es nas \u00e1reas de Educa\u00e7\u00e3o, Cultura, Sa\u00fade, Lazer e Assist\u00eancia.<\/p>\n<p>&nbsp;<\/p>\n<p>&nbsp;<\/p>\n<p><strong>O que \u00e9 o Senac?<\/strong><\/p>\n<p>&nbsp;<\/p>\n<p>O Servi\u00e7o Nacional de Aprendizagem Comercial (Senac) \u00e9 uma institui\u00e7\u00e3o de car\u00e1ter privado, sem fins lucrativos, criada e mantida por empres\u00e1rios do com\u00e9rcio de bens, servi\u00e7os e turismo, administrada pela Fecom\u00e9rcio (Federa\u00e7\u00e3o do Com\u00e9rcio de Bens, Servi\u00e7os e Turismo do Estado do Cear\u00e1).<\/p>\n<p>O Senac \u00e9 uma institui\u00e7\u00e3o de Educa\u00e7\u00e3o Profissional, criada em 10 de janeiro de 1946, sem fins lucrativos e mantida por empres\u00e1rios do com\u00e9rcio de bens, servi\u00e7os e turismo, voltada para o atendimento das empresas e dos trabalhadores, nas demandas de forma\u00e7\u00e3o e qualifica\u00e7\u00e3o profissional. \u00c9 a maior institui\u00e7\u00e3o de educa\u00e7\u00e3o profissional do Brasil, no setor do com\u00e9rcio, oferecendo uma diversidade de cursos que v\u00e3o desde a forma\u00e7\u00e3o inicial at\u00e9 a educa\u00e7\u00e3o superior.<\/p>\n<p>No Cear\u00e1, foi fundado em 20 de maio de 1948. Atua em nove Eixos Tecnol\u00f3gicos: Ambiente e Sa\u00fade; Desenvolvimento Educacional e Social; Gest\u00e3o e Neg\u00f3cios; Informa\u00e7\u00e3o e Comunica\u00e7\u00e3o; Infraestrutura; Produ\u00e7\u00e3o Cultural e Design; Hospitalidade e Lazer; Produ\u00e7\u00e3o Aliment\u00edcia; e Seguran\u00e7a. No estado, o Senac j\u00e1 qualificou aproximadamente, 2,5 milh\u00f5es de alunos nas unidades da capital e do interior, nas unidades m\u00f3veis, nos polos e na rede Senac de Educa\u00e7\u00e3o a Dist\u00e2ncia, atuando em 160 dos 184 munic\u00edpios do Estado.<\/p>\n<p>&nbsp;<\/p>\n<p>&nbsp;<\/p>\n<p><strong>O que \u00e9 o IPDC?<\/strong><\/p>\n<p>&nbsp;<\/p>\n<p>Criado em 1998, o Instituto de Pesquisa e Desenvolvimento do Cear\u00e1 (IPDC) \u00e9 respons\u00e1vel pela elabora\u00e7\u00e3o de estudos e pesquisas, principalmente de vi\u00e9s econ\u00f4mico, fornecendo dados referentes ao comportamento do consumidor.<\/p>\n<p>Dessa forma, o IPDC leva informa\u00e7\u00f5es pr\u00e1ticas e dados estat\u00edsticos confi\u00e1veis que auxiliam as empresas do segmento de com\u00e9rcio de bens, servi\u00e7os e turismo em suas a\u00e7\u00f5es de planejamento e desenvolvimento.<\/p>\n<p>O Instituto realiza pesquisas que fornecem dados referentes ao comportamento do consumidor, a situa\u00e7\u00e3o econ\u00f4mica do com\u00e9rcio local e as tend\u00eancias de mercado e de consumo dos fortalezenses.<\/p>\n<p>Al\u00e9m dos levantamentos realizados sistematicamente e sob encomenda de acordo com as necessidades de cada empresa, o IPDC tamb\u00e9m produz pesquisas tem\u00e1ticas sobre datas importantes para o com\u00e9rcio: Natal, Dia das M\u00e3es, Dia dos Pais, Dia dos Namorados, Dia das Crian\u00e7as e Black Friday.<\/p>\n","protected":false},"excerpt":{"rendered":"<p>Fecom\u00e9rcio &nbsp; Fundada em 1948, a Federa\u00e7\u00e3o do Com\u00e9rcio de Bens, Servi\u00e7os e Turismo do Estado do Cear\u00e1 (Fecom\u00e9rcio) \u00e9 uma entidade sindical patronal que congrega 34 sindicatos do setor do com\u00e9rcio, os quais representam mais de 150 mil empresas atacadistas e varejistas. Os segmentos representados pela Fecom\u00e9rcio correspondem a 56,7% da economia de Fortaleza, [&hellip;]<\/p>\n","protected":false},"author":1,"featured_media":0,"parent":0,"menu_order":0,"comment_status":"closed","ping_status":"closed","template":"page-about.php","meta":{"_acf_changed":false,"footnotes":""},"class_list":["post-571","page","type-page","status-publish","hentry"],"acf":[],"yoast_head":"<!-- This site is optimized with the Yoast SEO plugin v24.3 - https:\/\/yoast.com\/wordpress\/plugins\/seo\/ -->\n<title>Nossa hist\u00f3ria - Senac Cear\u00e1<\/title>\n<meta name=\"robots\" content=\"index, follow, max-snippet:-1, max-image-preview:large, max-video-preview:-1\" \/>\n<link rel=\"canonical\" href=\"https:\/\/www.fecomercio-ce.com.br\/senacce\/conheca-o-sistema-fecomercio\/\" \/>\n<meta property=\"og:locale\" content=\"pt_BR\" \/>\n<meta property=\"og:type\" content=\"article\" \/>\n<meta property=\"og:title\" content=\"Nossa hist\u00f3ria - Senac Cear\u00e1\" \/>\n<meta property=\"og:description\" content=\"Fecom\u00e9rcio &nbsp; Fundada em 1948, a Federa\u00e7\u00e3o do Com\u00e9rcio de Bens, Servi\u00e7os e Turismo do Estado do Cear\u00e1 (Fecom\u00e9rcio) \u00e9 uma entidade sindical patronal que congrega 34 sindicatos do setor do com\u00e9rcio, os quais representam mais de 150 mil empresas atacadistas e varejistas. Os segmentos representados pela Fecom\u00e9rcio correspondem a 56,7% da economia de Fortaleza, [&hellip;]\" \/>\n<meta property=\"og:url\" content=\"https:\/\/www.fecomercio-ce.com.br\/senacce\/conheca-o-sistema-fecomercio\/\" \/>\n<meta property=\"og:site_name\" content=\"Senac Cear\u00e1\" \/>\n<meta property=\"article:modified_time\" content=\"2026-02-13T14:33:51+00:00\" \/>\n<meta property=\"og:image\" content=\"https:\/\/www.fecomercio-ce.com.br\/senacce\/wp-content\/uploads\/sites\/3\/2025\/05\/senac.jpg\" \/>\n\t<meta property=\"og:image:width\" content=\"1200\" \/>\n\t<meta property=\"og:image:height\" content=\"630\" \/>\n\t<meta property=\"og:image:type\" content=\"image\/jpeg\" \/>\n<meta name=\"twitter:card\" content=\"summary_large_image\" \/>\n<meta name=\"twitter:label1\" content=\"Est. tempo de leitura\" \/>\n\t<meta name=\"twitter:data1\" content=\"4 minutos\" \/>\n<script type=\"application\/ld+json\" class=\"yoast-schema-graph\">{\"@context\":\"https:\/\/schema.org\",\"@graph\":[{\"@type\":\"WebPage\",\"@id\":\"https:\/\/www.fecomercio-ce.com.br\/senacce\/conheca-o-sistema-fecomercio\/\",\"url\":\"https:\/\/www.fecomercio-ce.com.br\/senacce\/conheca-o-sistema-fecomercio\/\",\"name\":\"Nossa hist\u00f3ria - Senac Cear\u00e1\",\"isPartOf\":{\"@id\":\"https:\/\/www.fecomercio-ce.com.br\/senacce\/#website\"},\"datePublished\":\"2025-05-15T11:16:00+00:00\",\"dateModified\":\"2026-02-13T14:33:51+00:00\",\"breadcrumb\":{\"@id\":\"https:\/\/www.fecomercio-ce.com.br\/senacce\/conheca-o-sistema-fecomercio\/#breadcrumb\"},\"inLanguage\":\"pt-BR\",\"potentialAction\":[{\"@type\":\"ReadAction\",\"target\":[\"https:\/\/www.fecomercio-ce.com.br\/senacce\/conheca-o-sistema-fecomercio\/\"]}]},{\"@type\":\"BreadcrumbList\",\"@id\":\"https:\/\/www.fecomercio-ce.com.br\/senacce\/conheca-o-sistema-fecomercio\/#breadcrumb\",\"itemListElement\":[{\"@type\":\"ListItem\",\"position\":1,\"name\":\"In\u00edcio\",\"item\":\"https:\/\/www.fecomercio-ce.com.br\/senacce\/\"},{\"@type\":\"ListItem\",\"position\":2,\"name\":\"Nossa hist\u00f3ria\"}]},{\"@type\":\"WebSite\",\"@id\":\"https:\/\/www.fecomercio-ce.com.br\/senacce\/#website\",\"url\":\"https:\/\/www.fecomercio-ce.com.br\/senacce\/\",\"name\":\"Senac Cear\u00e1\",\"description\":\"O Senac Cear\u00e1 atende 160 munic\u00edpios no Estado. Com mais de 800 cursos nas \u00e1reas de Turismo, Lazer e hospitalidade; Inform\u00e1tica; Beleza e Sa\u00fade.\",\"publisher\":{\"@id\":\"https:\/\/www.fecomercio-ce.com.br\/senacce\/#organization\"},\"alternateName\":\"Senac CE\",\"potentialAction\":[{\"@type\":\"SearchAction\",\"target\":{\"@type\":\"EntryPoint\",\"urlTemplate\":\"https:\/\/www.fecomercio-ce.com.br\/senacce\/?s={search_term_string}\"},\"query-input\":{\"@type\":\"PropertyValueSpecification\",\"valueRequired\":true,\"valueName\":\"search_term_string\"}}],\"inLanguage\":\"pt-BR\"},{\"@type\":\"Organization\",\"@id\":\"https:\/\/www.fecomercio-ce.com.br\/senacce\/#organization\",\"name\":\"senacce\",\"url\":\"https:\/\/www.fecomercio-ce.com.br\/senacce\/\",\"logo\":{\"@type\":\"ImageObject\",\"inLanguage\":\"pt-BR\",\"@id\":\"https:\/\/www.fecomercio-ce.com.br\/senacce\/#\/schema\/logo\/image\/\",\"url\":\"https:\/\/www.fecomercio-ce.com.br\/senacce\/wp-content\/uploads\/sites\/3\/2025\/05\/logo_Senac_Horizontal_Mono_1.webp\",\"contentUrl\":\"https:\/\/www.fecomercio-ce.com.br\/senacce\/wp-content\/uploads\/sites\/3\/2025\/05\/logo_Senac_Horizontal_Mono_1.webp\",\"width\":185,\"height\":60,\"caption\":\"senacce\"},\"image\":{\"@id\":\"https:\/\/www.fecomercio-ce.com.br\/senacce\/#\/schema\/logo\/image\/\"}}]}<\/script>\n<!-- \/ Yoast SEO plugin. -->","yoast_head_json":{"title":"Nossa hist\u00f3ria - Senac Cear\u00e1","robots":{"index":"index","follow":"follow","max-snippet":"max-snippet:-1","max-image-preview":"max-image-preview:large","max-video-preview":"max-video-preview:-1"},"canonical":"https:\/\/www.fecomercio-ce.com.br\/senacce\/conheca-o-sistema-fecomercio\/","og_locale":"pt_BR","og_type":"article","og_title":"Nossa hist\u00f3ria - Senac Cear\u00e1","og_description":"Fecom\u00e9rcio &nbsp; Fundada em 1948, a Federa\u00e7\u00e3o do Com\u00e9rcio de Bens, Servi\u00e7os e Turismo do Estado do Cear\u00e1 (Fecom\u00e9rcio) \u00e9 uma entidade sindical patronal que congrega 34 sindicatos do setor do com\u00e9rcio, os quais representam mais de 150 mil empresas atacadistas e varejistas. Os segmentos representados pela Fecom\u00e9rcio correspondem a 56,7% da economia de Fortaleza, [&hellip;]","og_url":"https:\/\/www.fecomercio-ce.com.br\/senacce\/conheca-o-sistema-fecomercio\/","og_site_name":"Senac Cear\u00e1","article_modified_time":"2026-02-13T14:33:51+00:00","og_image":[{"width":1200,"height":630,"url":"https:\/\/www.fecomercio-ce.com.br\/senacce\/wp-content\/uploads\/sites\/3\/2025\/05\/senac.jpg","type":"image\/jpeg"}],"twitter_card":"summary_large_image","twitter_misc":{"Est. tempo de leitura":"4 minutos"},"schema":{"@context":"https:\/\/schema.org","@graph":[{"@type":"WebPage","@id":"https:\/\/www.fecomercio-ce.com.br\/senacce\/conheca-o-sistema-fecomercio\/","url":"https:\/\/www.fecomercio-ce.com.br\/senacce\/conheca-o-sistema-fecomercio\/","name":"Nossa hist\u00f3ria - Senac Cear\u00e1","isPartOf":{"@id":"https:\/\/www.fecomercio-ce.com.br\/senacce\/#website"},"datePublished":"2025-05-15T11:16:00+00:00","dateModified":"2026-02-13T14:33:51+00:00","breadcrumb":{"@id":"https:\/\/www.fecomercio-ce.com.br\/senacce\/conheca-o-sistema-fecomercio\/#breadcrumb"},"inLanguage":"pt-BR","potentialAction":[{"@type":"ReadAction","target":["https:\/\/www.fecomercio-ce.com.br\/senacce\/conheca-o-sistema-fecomercio\/"]}]},{"@type":"BreadcrumbList","@id":"https:\/\/www.fecomercio-ce.com.br\/senacce\/conheca-o-sistema-fecomercio\/#breadcrumb","itemListElement":[{"@type":"ListItem","position":1,"name":"In\u00edcio","item":"https:\/\/www.fecomercio-ce.com.br\/senacce\/"},{"@type":"ListItem","position":2,"name":"Nossa hist\u00f3ria"}]},{"@type":"WebSite","@id":"https:\/\/www.fecomercio-ce.com.br\/senacce\/#website","url":"https:\/\/www.fecomercio-ce.com.br\/senacce\/","name":"Senac Cear\u00e1","description":"O Senac Cear\u00e1 atende 160 munic\u00edpios no Estado. Com mais de 800 cursos nas \u00e1reas de Turismo, Lazer e hospitalidade; Inform\u00e1tica; Beleza e Sa\u00fade.","publisher":{"@id":"https:\/\/www.fecomercio-ce.com.br\/senacce\/#organization"},"alternateName":"Senac CE","potentialAction":[{"@type":"SearchAction","target":{"@type":"EntryPoint","urlTemplate":"https:\/\/www.fecomercio-ce.com.br\/senacce\/?s={search_term_string}"},"query-input":{"@type":"PropertyValueSpecification","valueRequired":true,"valueName":"search_term_string"}}],"inLanguage":"pt-BR"},{"@type":"Organization","@id":"https:\/\/www.fecomercio-ce.com.br\/senacce\/#organization","name":"senacce","url":"https:\/\/www.fecomercio-ce.com.br\/senacce\/","logo":{"@type":"ImageObject","inLanguage":"pt-BR","@id":"https:\/\/www.fecomercio-ce.com.br\/senacce\/#\/schema\/logo\/image\/","url":"https:\/\/www.fecomercio-ce.com.br\/senacce\/wp-content\/uploads\/sites\/3\/2025\/05\/logo_Senac_Horizontal_Mono_1.webp","contentUrl":"https:\/\/www.fecomercio-ce.com.br\/senacce\/wp-content\/uploads\/sites\/3\/2025\/05\/logo_Senac_Horizontal_Mono_1.webp","width":185,"height":60,"caption":"senacce"},"image":{"@id":"https:\/\/www.fecomercio-ce.com.br\/senacce\/#\/schema\/logo\/image\/"}}]}},"_links":{"self":[{"href":"https:\/\/www.fecomercio-ce.com.br\/senacce\/wp-json\/wp\/v2\/pages\/571","targetHints":{"allow":["GET"]}}],"collection":[{"href":"https:\/\/www.fecomercio-ce.com.br\/senacce\/wp-json\/wp\/v2\/pages"}],"about":[{"href":"https:\/\/www.fecomercio-ce.com.br\/senacce\/wp-json\/wp\/v2\/types\/page"}],"author":[{"embeddable":true,"href":"https:\/\/www.fecomercio-ce.com.br\/senacce\/wp-json\/wp\/v2\/users\/1"}],"replies":[{"embeddable":true,"href":"https:\/\/www.fecomercio-ce.com.br\/senacce\/wp-json\/wp\/v2\/comments?post=571"}],"version-history":[{"count":5,"href":"https:\/\/www.fecomercio-ce.com.br\/senacce\/wp-json\/wp\/v2\/pages\/571\/revisions"}],"predecessor-version":[{"id":1831,"href":"https:\/\/www.fecomercio-ce.com.br\/senacce\/wp-json\/wp\/v2\/pages\/571\/revisions\/1831"}],"wp:attachment":[{"href":"https:\/\/www.fecomercio-ce.com.br\/senacce\/wp-json\/wp\/v2\/media?parent=571"}],"curies":[{"name":"wp","href":"https:\/\/api.w.org\/{rel}","templated":true}]}}