{"id":1763,"date":"2025-06-20T10:19:50","date_gmt":"2025-06-20T13:19:50","guid":{"rendered":"https:\/\/www.fecomercio-ce.com.br\/sescce\/?page_id=1763"},"modified":"2025-12-17T11:02:32","modified_gmt":"2025-12-17T14:02:32","slug":"museu-casa-de-antonio-jeremias-pereira","status":"publish","type":"page","link":"https:\/\/www.fecomercio-ce.com.br\/sescce\/museus-organicos\/museu-casa-de-antonio-jeremias-pereira\/","title":{"rendered":"Museu Casa de Ant\u00f4nio Jeremias Pereira"},"content":{"rendered":"<p>Rua Jeremias Pereira, 291, Centro &#8211; Nova Olinda\/CE<\/p>\n<p>Data de inaugura\u00e7\u00e3o: 21\/04\/2017<\/p>\n<p>A Casa de Ant\u00f4nio Jeremias Pereira foi palco do movimento de emancipa\u00e7\u00e3o pol\u00edtica de Nova Olinda. Nela, foram tomadas as decis\u00f5es que definiram os rumos desenvolvimentistas do munic\u00edpio at\u00e9 os dias atuais. Com sua restaura\u00e7\u00e3o em 2017, a casa \u00e9 transformada em Museu Org\u00e2nico para resgatar a mem\u00f3ria pol\u00edtica do munic\u00edpio, tendo como \u00edcone o seu criador. A cole\u00e7\u00e3o de refer\u00eancia resgatada classifica uma reserva t\u00e9cnica e exp\u00f5e fotos, documentos, utens\u00edlios pessoais e mobili\u00e1rio dom\u00e9stico que fizeram parte da hist\u00f3ria de Ant\u00f4nio Jeremias e fam\u00edlia. Seu acervo \u00e9 distribu\u00eddo em tr\u00eas salas: corredor, sala de visitas e sala de jantar. No corredor, \u00e9 exposto o acervo referente \u00e0 hist\u00f3ria da fam\u00edlia Jeremias Pereira; na sala de visitas, a hist\u00f3ria pol\u00edtica de Nova Olinda; a sala de jantar re\u00fane utens\u00edlios, documentos e o mobili\u00e1rio antigo que compunha a casa originalmente.<\/p>\n<p><img loading=\"lazy\" decoding=\"async\" class=\"alignnone size-large wp-image-1764\" src=\"https:\/\/www.fecomercio-ce.com.br\/sescce\/wp-content\/uploads\/sites\/2\/2025\/06\/museu2_2-1024x682.jpeg\" alt=\"\" width=\"1024\" height=\"682\" srcset=\"https:\/\/www.fecomercio-ce.com.br\/sescce\/wp-content\/uploads\/sites\/2\/2025\/06\/museu2_2-1024x682.jpeg 1024w, https:\/\/www.fecomercio-ce.com.br\/sescce\/wp-content\/uploads\/sites\/2\/2025\/06\/museu2_2-300x200.jpeg 300w, https:\/\/www.fecomercio-ce.com.br\/sescce\/wp-content\/uploads\/sites\/2\/2025\/06\/museu2_2-768x512.jpeg 768w, https:\/\/www.fecomercio-ce.com.br\/sescce\/wp-content\/uploads\/sites\/2\/2025\/06\/museu2_2-1536x1023.jpeg 1536w, https:\/\/www.fecomercio-ce.com.br\/sescce\/wp-content\/uploads\/sites\/2\/2025\/06\/museu2_2-100x67.jpeg 100w, https:\/\/www.fecomercio-ce.com.br\/sescce\/wp-content\/uploads\/sites\/2\/2025\/06\/museu2_2.jpeg 1600w\" sizes=\"auto, (max-width: 1024px) 100vw, 1024px\" \/><\/p>\n","protected":false},"excerpt":{"rendered":"<p>Rua Jeremias Pereira, 291, Centro &#8211; Nova Olinda\/CE Data de inaugura\u00e7\u00e3o: 21\/04\/2017 A Casa de Ant\u00f4nio Jeremias Pereira foi palco do movimento de emancipa\u00e7\u00e3o pol\u00edtica de Nova Olinda. Nela, foram tomadas as decis\u00f5es que definiram os rumos desenvolvimentistas do munic\u00edpio at\u00e9 os dias atuais. Com sua restaura\u00e7\u00e3o em 2017, a casa \u00e9 transformada em Museu [&hellip;]<\/p>\n","protected":false},"author":1,"featured_media":1764,"parent":1746,"menu_order":0,"comment_status":"closed","ping_status":"closed","template":"page-single-lp-secondary.php","meta":{"_acf_changed":false,"footnotes":""},"class_list":["post-1763","page","type-page","status-publish","has-post-thumbnail","hentry"],"acf":[],"yoast_head":"<!-- This site is optimized with the Yoast SEO plugin v24.3 - https:\/\/yoast.com\/wordpress\/plugins\/seo\/ -->\n<title>Museu Casa de Ant\u00f4nio Jeremias Pereira - Sesc Cear\u00e1<\/title>\n<meta name=\"robots\" content=\"index, follow, max-snippet:-1, max-image-preview:large, max-video-preview:-1\" \/>\n<link rel=\"canonical\" href=\"https:\/\/www.fecomercio-ce.com.br\/sescce\/museus-organicos\/museu-casa-de-antonio-jeremias-pereira\/\" \/>\n<meta property=\"og:locale\" content=\"pt_BR\" \/>\n<meta property=\"og:type\" content=\"article\" \/>\n<meta property=\"og:title\" content=\"Museu Casa de Ant\u00f4nio Jeremias Pereira - Sesc Cear\u00e1\" \/>\n<meta property=\"og:description\" content=\"Rua Jeremias Pereira, 291, Centro &#8211; Nova Olinda\/CE Data de inaugura\u00e7\u00e3o: 21\/04\/2017 A Casa de Ant\u00f4nio Jeremias Pereira foi palco do movimento de emancipa\u00e7\u00e3o pol\u00edtica de Nova Olinda. Nela, foram tomadas as decis\u00f5es que definiram os rumos desenvolvimentistas do munic\u00edpio at\u00e9 os dias atuais. Com sua restaura\u00e7\u00e3o em 2017, a casa \u00e9 transformada em Museu [&hellip;]\" \/>\n<meta property=\"og:url\" content=\"https:\/\/www.fecomercio-ce.com.br\/sescce\/museus-organicos\/museu-casa-de-antonio-jeremias-pereira\/\" \/>\n<meta property=\"og:site_name\" content=\"Sesc Cear\u00e1\" \/>\n<meta property=\"article:modified_time\" content=\"2025-12-17T14:02:32+00:00\" \/>\n<meta property=\"og:image\" content=\"https:\/\/www.fecomercio-ce.com.br\/sescce\/wp-content\/uploads\/sites\/2\/2025\/06\/museu2_2.jpeg\" \/>\n\t<meta property=\"og:image:width\" content=\"1600\" \/>\n\t<meta property=\"og:image:height\" content=\"1066\" \/>\n\t<meta property=\"og:image:type\" content=\"image\/jpeg\" \/>\n<meta name=\"twitter:card\" content=\"summary_large_image\" \/>\n<meta name=\"twitter:label1\" content=\"Est. tempo de leitura\" \/>\n\t<meta name=\"twitter:data1\" content=\"2 minutos\" \/>\n<script type=\"application\/ld+json\" class=\"yoast-schema-graph\">{\"@context\":\"https:\/\/schema.org\",\"@graph\":[{\"@type\":\"WebPage\",\"@id\":\"https:\/\/www.fecomercio-ce.com.br\/sescce\/museus-organicos\/museu-casa-de-antonio-jeremias-pereira\/\",\"url\":\"https:\/\/www.fecomercio-ce.com.br\/sescce\/museus-organicos\/museu-casa-de-antonio-jeremias-pereira\/\",\"name\":\"Museu Casa de Ant\u00f4nio Jeremias Pereira - Sesc Cear\u00e1\",\"isPartOf\":{\"@id\":\"https:\/\/www.fecomercio-ce.com.br\/sescce\/#website\"},\"primaryImageOfPage\":{\"@id\":\"https:\/\/www.fecomercio-ce.com.br\/sescce\/museus-organicos\/museu-casa-de-antonio-jeremias-pereira\/#primaryimage\"},\"image\":{\"@id\":\"https:\/\/www.fecomercio-ce.com.br\/sescce\/museus-organicos\/museu-casa-de-antonio-jeremias-pereira\/#primaryimage\"},\"thumbnailUrl\":\"https:\/\/www.fecomercio-ce.com.br\/sescce\/wp-content\/uploads\/sites\/2\/2025\/06\/museu2_2.jpeg\",\"datePublished\":\"2025-06-20T13:19:50+00:00\",\"dateModified\":\"2025-12-17T14:02:32+00:00\",\"breadcrumb\":{\"@id\":\"https:\/\/www.fecomercio-ce.com.br\/sescce\/museus-organicos\/museu-casa-de-antonio-jeremias-pereira\/#breadcrumb\"},\"inLanguage\":\"pt-BR\",\"potentialAction\":[{\"@type\":\"ReadAction\",\"target\":[\"https:\/\/www.fecomercio-ce.com.br\/sescce\/museus-organicos\/museu-casa-de-antonio-jeremias-pereira\/\"]}]},{\"@type\":\"ImageObject\",\"inLanguage\":\"pt-BR\",\"@id\":\"https:\/\/www.fecomercio-ce.com.br\/sescce\/museus-organicos\/museu-casa-de-antonio-jeremias-pereira\/#primaryimage\",\"url\":\"https:\/\/www.fecomercio-ce.com.br\/sescce\/wp-content\/uploads\/sites\/2\/2025\/06\/museu2_2.jpeg\",\"contentUrl\":\"https:\/\/www.fecomercio-ce.com.br\/sescce\/wp-content\/uploads\/sites\/2\/2025\/06\/museu2_2.jpeg\",\"width\":1600,\"height\":1066},{\"@type\":\"BreadcrumbList\",\"@id\":\"https:\/\/www.fecomercio-ce.com.br\/sescce\/museus-organicos\/museu-casa-de-antonio-jeremias-pereira\/#breadcrumb\",\"itemListElement\":[{\"@type\":\"ListItem\",\"position\":1,\"name\":\"In\u00edcio\",\"item\":\"https:\/\/www.fecomercio-ce.com.br\/sescce\/\"},{\"@type\":\"ListItem\",\"position\":2,\"name\":\"Museus Org\u00e2nicos\",\"item\":\"https:\/\/www.fecomercio-ce.com.br\/sescce\/museus-organicos\/\"},{\"@type\":\"ListItem\",\"position\":3,\"name\":\"Museu Casa de Ant\u00f4nio Jeremias Pereira\"}]},{\"@type\":\"WebSite\",\"@id\":\"https:\/\/www.fecomercio-ce.com.br\/sescce\/#website\",\"url\":\"https:\/\/www.fecomercio-ce.com.br\/sescce\/\",\"name\":\"Sesc Cear\u00e1\",\"description\":\"O Servi\u00e7o Social do Com\u00e9rcio (Sesc), bra\u00e7o social do Sistema Fecom\u00e9rcio-CE. Atua nas \u00e1reas de Educa\u00e7\u00e3o, Cultura, Lazer, Sa\u00fade e Assist\u00eancia.\",\"potentialAction\":[{\"@type\":\"SearchAction\",\"target\":{\"@type\":\"EntryPoint\",\"urlTemplate\":\"https:\/\/www.fecomercio-ce.com.br\/sescce\/?s={search_term_string}\"},\"query-input\":{\"@type\":\"PropertyValueSpecification\",\"valueRequired\":true,\"valueName\":\"search_term_string\"}}],\"inLanguage\":\"pt-BR\"}]}<\/script>\n<!-- \/ Yoast SEO plugin. -->","yoast_head_json":{"title":"Museu Casa de Ant\u00f4nio Jeremias Pereira - Sesc Cear\u00e1","robots":{"index":"index","follow":"follow","max-snippet":"max-snippet:-1","max-image-preview":"max-image-preview:large","max-video-preview":"max-video-preview:-1"},"canonical":"https:\/\/www.fecomercio-ce.com.br\/sescce\/museus-organicos\/museu-casa-de-antonio-jeremias-pereira\/","og_locale":"pt_BR","og_type":"article","og_title":"Museu Casa de Ant\u00f4nio Jeremias Pereira - Sesc Cear\u00e1","og_description":"Rua Jeremias Pereira, 291, Centro &#8211; Nova Olinda\/CE Data de inaugura\u00e7\u00e3o: 21\/04\/2017 A Casa de Ant\u00f4nio Jeremias Pereira foi palco do movimento de emancipa\u00e7\u00e3o pol\u00edtica de Nova Olinda. Nela, foram tomadas as decis\u00f5es que definiram os rumos desenvolvimentistas do munic\u00edpio at\u00e9 os dias atuais. Com sua restaura\u00e7\u00e3o em 2017, a casa \u00e9 transformada em Museu [&hellip;]","og_url":"https:\/\/www.fecomercio-ce.com.br\/sescce\/museus-organicos\/museu-casa-de-antonio-jeremias-pereira\/","og_site_name":"Sesc Cear\u00e1","article_modified_time":"2025-12-17T14:02:32+00:00","og_image":[{"width":1600,"height":1066,"url":"https:\/\/www.fecomercio-ce.com.br\/sescce\/wp-content\/uploads\/sites\/2\/2025\/06\/museu2_2.jpeg","type":"image\/jpeg"}],"twitter_card":"summary_large_image","twitter_misc":{"Est. tempo de leitura":"2 minutos"},"schema":{"@context":"https:\/\/schema.org","@graph":[{"@type":"WebPage","@id":"https:\/\/www.fecomercio-ce.com.br\/sescce\/museus-organicos\/museu-casa-de-antonio-jeremias-pereira\/","url":"https:\/\/www.fecomercio-ce.com.br\/sescce\/museus-organicos\/museu-casa-de-antonio-jeremias-pereira\/","name":"Museu Casa de Ant\u00f4nio Jeremias Pereira - Sesc Cear\u00e1","isPartOf":{"@id":"https:\/\/www.fecomercio-ce.com.br\/sescce\/#website"},"primaryImageOfPage":{"@id":"https:\/\/www.fecomercio-ce.com.br\/sescce\/museus-organicos\/museu-casa-de-antonio-jeremias-pereira\/#primaryimage"},"image":{"@id":"https:\/\/www.fecomercio-ce.com.br\/sescce\/museus-organicos\/museu-casa-de-antonio-jeremias-pereira\/#primaryimage"},"thumbnailUrl":"https:\/\/www.fecomercio-ce.com.br\/sescce\/wp-content\/uploads\/sites\/2\/2025\/06\/museu2_2.jpeg","datePublished":"2025-06-20T13:19:50+00:00","dateModified":"2025-12-17T14:02:32+00:00","breadcrumb":{"@id":"https:\/\/www.fecomercio-ce.com.br\/sescce\/museus-organicos\/museu-casa-de-antonio-jeremias-pereira\/#breadcrumb"},"inLanguage":"pt-BR","potentialAction":[{"@type":"ReadAction","target":["https:\/\/www.fecomercio-ce.com.br\/sescce\/museus-organicos\/museu-casa-de-antonio-jeremias-pereira\/"]}]},{"@type":"ImageObject","inLanguage":"pt-BR","@id":"https:\/\/www.fecomercio-ce.com.br\/sescce\/museus-organicos\/museu-casa-de-antonio-jeremias-pereira\/#primaryimage","url":"https:\/\/www.fecomercio-ce.com.br\/sescce\/wp-content\/uploads\/sites\/2\/2025\/06\/museu2_2.jpeg","contentUrl":"https:\/\/www.fecomercio-ce.com.br\/sescce\/wp-content\/uploads\/sites\/2\/2025\/06\/museu2_2.jpeg","width":1600,"height":1066},{"@type":"BreadcrumbList","@id":"https:\/\/www.fecomercio-ce.com.br\/sescce\/museus-organicos\/museu-casa-de-antonio-jeremias-pereira\/#breadcrumb","itemListElement":[{"@type":"ListItem","position":1,"name":"In\u00edcio","item":"https:\/\/www.fecomercio-ce.com.br\/sescce\/"},{"@type":"ListItem","position":2,"name":"Museus Org\u00e2nicos","item":"https:\/\/www.fecomercio-ce.com.br\/sescce\/museus-organicos\/"},{"@type":"ListItem","position":3,"name":"Museu Casa de Ant\u00f4nio Jeremias Pereira"}]},{"@type":"WebSite","@id":"https:\/\/www.fecomercio-ce.com.br\/sescce\/#website","url":"https:\/\/www.fecomercio-ce.com.br\/sescce\/","name":"Sesc Cear\u00e1","description":"O Servi\u00e7o Social do Com\u00e9rcio (Sesc), bra\u00e7o social do Sistema Fecom\u00e9rcio-CE. Atua nas \u00e1reas de Educa\u00e7\u00e3o, Cultura, Lazer, Sa\u00fade e Assist\u00eancia.","potentialAction":[{"@type":"SearchAction","target":{"@type":"EntryPoint","urlTemplate":"https:\/\/www.fecomercio-ce.com.br\/sescce\/?s={search_term_string}"},"query-input":{"@type":"PropertyValueSpecification","valueRequired":true,"valueName":"search_term_string"}}],"inLanguage":"pt-BR"}]}},"_links":{"self":[{"href":"https:\/\/www.fecomercio-ce.com.br\/sescce\/wp-json\/wp\/v2\/pages\/1763","targetHints":{"allow":["GET"]}}],"collection":[{"href":"https:\/\/www.fecomercio-ce.com.br\/sescce\/wp-json\/wp\/v2\/pages"}],"about":[{"href":"https:\/\/www.fecomercio-ce.com.br\/sescce\/wp-json\/wp\/v2\/types\/page"}],"author":[{"embeddable":true,"href":"https:\/\/www.fecomercio-ce.com.br\/sescce\/wp-json\/wp\/v2\/users\/1"}],"replies":[{"embeddable":true,"href":"https:\/\/www.fecomercio-ce.com.br\/sescce\/wp-json\/wp\/v2\/comments?post=1763"}],"version-history":[{"count":4,"href":"https:\/\/www.fecomercio-ce.com.br\/sescce\/wp-json\/wp\/v2\/pages\/1763\/revisions"}],"predecessor-version":[{"id":3519,"href":"https:\/\/www.fecomercio-ce.com.br\/sescce\/wp-json\/wp\/v2\/pages\/1763\/revisions\/3519"}],"up":[{"embeddable":true,"href":"https:\/\/www.fecomercio-ce.com.br\/sescce\/wp-json\/wp\/v2\/pages\/1746"}],"wp:featuredmedia":[{"embeddable":true,"href":"https:\/\/www.fecomercio-ce.com.br\/sescce\/wp-json\/wp\/v2\/media\/1764"}],"wp:attachment":[{"href":"https:\/\/www.fecomercio-ce.com.br\/sescce\/wp-json\/wp\/v2\/media?parent=1763"}],"curies":[{"name":"wp","href":"https:\/\/api.w.org\/{rel}","templated":true}]}}