{"id":1766,"date":"2025-06-20T10:20:27","date_gmt":"2025-06-20T13:20:27","guid":{"rendered":"https:\/\/www.fecomercio-ce.com.br\/sescce\/?page_id=1766"},"modified":"2025-12-17T11:01:19","modified_gmt":"2025-12-17T14:01:19","slug":"museu-casa-do-mestre-antonio-luiz","status":"publish","type":"page","link":"https:\/\/www.fecomercio-ce.com.br\/sescce\/museus-organicos\/museu-casa-do-mestre-antonio-luiz\/","title":{"rendered":"Museu Casa do Mestre Ant\u00f4nio Luiz"},"content":{"rendered":"<p>Estrada dos Barreiros, 23, S\u00edtio Sassar\u00e9 &#8211; Potengi\/CE<\/p>\n<p>Data de inaugura\u00e7\u00e3o: 18\/09\/2018<\/p>\n<p>Ant\u00f4nio Luiz de Souza, o Mestre Ant\u00f4nio Luiz, nasceu em 1957, na cidade de Potengi, cidade onde mora at\u00e9 hoje. \u00c9 refer\u00eancia como Mestre de Cultura, idealizador e brincante do Reisado de M\u00e1scaras, no S\u00edtio de Sassar\u00e9. Sua casa tornou-se um lugar muito importante para a mem\u00f3ria do nosso povo. Enfeitando as paredes da sala de visitas, est\u00e3o fotografias, instrumentos musicais e m\u00e1scaras que fazem parte da sua vida desde 1975, quando entrou para o reisado de caretas. Viol\u00e3o, zabumba, pandeiro e tri\u00e2ngulo conduzem os movimentos caretas, que emitem sons no decorrer dos entremeios, pequenas encena\u00e7\u00f5es com as figuras do reisado. Ant\u00f4nio Luiz sabe, como ningu\u00e9m, as sequ\u00eancias da brincadeira e da arte de esculpir as m\u00e1scaras, pois preserva na mem\u00f3ria o que aprendeu com os mestres que brincavam antes dele.<\/p>\n<p><img loading=\"lazy\" decoding=\"async\" class=\"alignnone size-full wp-image-1767\" src=\"https:\/\/www.fecomercio-ce.com.br\/sescce\/wp-content\/uploads\/sites\/2\/2025\/06\/museu2.png\" alt=\"\" width=\"423\" height=\"353\" srcset=\"https:\/\/www.fecomercio-ce.com.br\/sescce\/wp-content\/uploads\/sites\/2\/2025\/06\/museu2.png 423w, https:\/\/www.fecomercio-ce.com.br\/sescce\/wp-content\/uploads\/sites\/2\/2025\/06\/museu2-300x250.png 300w, https:\/\/www.fecomercio-ce.com.br\/sescce\/wp-content\/uploads\/sites\/2\/2025\/06\/museu2-100x83.png 100w\" sizes=\"auto, (max-width: 423px) 100vw, 423px\" \/><\/p>\n","protected":false},"excerpt":{"rendered":"<p>Estrada dos Barreiros, 23, S\u00edtio Sassar\u00e9 &#8211; Potengi\/CE Data de inaugura\u00e7\u00e3o: 18\/09\/2018 Ant\u00f4nio Luiz de Souza, o Mestre Ant\u00f4nio Luiz, nasceu em 1957, na cidade de Potengi, cidade onde mora at\u00e9 hoje. \u00c9 refer\u00eancia como Mestre de Cultura, idealizador e brincante do Reisado de M\u00e1scaras, no S\u00edtio de Sassar\u00e9. Sua casa tornou-se um lugar muito [&hellip;]<\/p>\n","protected":false},"author":1,"featured_media":1767,"parent":1746,"menu_order":0,"comment_status":"closed","ping_status":"closed","template":"page-single-lp-secondary.php","meta":{"_acf_changed":false,"footnotes":""},"class_list":["post-1766","page","type-page","status-publish","has-post-thumbnail","hentry"],"acf":[],"yoast_head":"<!-- This site is optimized with the Yoast SEO plugin v24.3 - https:\/\/yoast.com\/wordpress\/plugins\/seo\/ -->\n<title>Museu Casa do Mestre Ant\u00f4nio Luiz - Sesc Cear\u00e1<\/title>\n<meta name=\"robots\" content=\"index, follow, max-snippet:-1, max-image-preview:large, max-video-preview:-1\" \/>\n<link rel=\"canonical\" href=\"https:\/\/www.fecomercio-ce.com.br\/sescce\/museus-organicos\/museu-casa-do-mestre-antonio-luiz\/\" \/>\n<meta property=\"og:locale\" content=\"pt_BR\" \/>\n<meta property=\"og:type\" content=\"article\" \/>\n<meta property=\"og:title\" content=\"Museu Casa do Mestre Ant\u00f4nio Luiz - Sesc Cear\u00e1\" \/>\n<meta property=\"og:description\" content=\"Estrada dos Barreiros, 23, S\u00edtio Sassar\u00e9 &#8211; Potengi\/CE Data de inaugura\u00e7\u00e3o: 18\/09\/2018 Ant\u00f4nio Luiz de Souza, o Mestre Ant\u00f4nio Luiz, nasceu em 1957, na cidade de Potengi, cidade onde mora at\u00e9 hoje. \u00c9 refer\u00eancia como Mestre de Cultura, idealizador e brincante do Reisado de M\u00e1scaras, no S\u00edtio de Sassar\u00e9. Sua casa tornou-se um lugar muito [&hellip;]\" \/>\n<meta property=\"og:url\" content=\"https:\/\/www.fecomercio-ce.com.br\/sescce\/museus-organicos\/museu-casa-do-mestre-antonio-luiz\/\" \/>\n<meta property=\"og:site_name\" content=\"Sesc Cear\u00e1\" \/>\n<meta property=\"article:modified_time\" content=\"2025-12-17T14:01:19+00:00\" \/>\n<meta property=\"og:image\" content=\"https:\/\/www.fecomercio-ce.com.br\/sescce\/wp-content\/uploads\/sites\/2\/2025\/06\/museu2.png\" \/>\n\t<meta property=\"og:image:width\" content=\"423\" \/>\n\t<meta property=\"og:image:height\" content=\"353\" \/>\n\t<meta property=\"og:image:type\" content=\"image\/png\" \/>\n<meta name=\"twitter:card\" content=\"summary_large_image\" \/>\n<meta name=\"twitter:label1\" content=\"Est. tempo de leitura\" \/>\n\t<meta name=\"twitter:data1\" content=\"2 minutos\" \/>\n<script type=\"application\/ld+json\" class=\"yoast-schema-graph\">{\"@context\":\"https:\/\/schema.org\",\"@graph\":[{\"@type\":\"WebPage\",\"@id\":\"https:\/\/www.fecomercio-ce.com.br\/sescce\/museus-organicos\/museu-casa-do-mestre-antonio-luiz\/\",\"url\":\"https:\/\/www.fecomercio-ce.com.br\/sescce\/museus-organicos\/museu-casa-do-mestre-antonio-luiz\/\",\"name\":\"Museu Casa do Mestre Ant\u00f4nio Luiz - Sesc Cear\u00e1\",\"isPartOf\":{\"@id\":\"https:\/\/www.fecomercio-ce.com.br\/sescce\/#website\"},\"primaryImageOfPage\":{\"@id\":\"https:\/\/www.fecomercio-ce.com.br\/sescce\/museus-organicos\/museu-casa-do-mestre-antonio-luiz\/#primaryimage\"},\"image\":{\"@id\":\"https:\/\/www.fecomercio-ce.com.br\/sescce\/museus-organicos\/museu-casa-do-mestre-antonio-luiz\/#primaryimage\"},\"thumbnailUrl\":\"https:\/\/www.fecomercio-ce.com.br\/sescce\/wp-content\/uploads\/sites\/2\/2025\/06\/museu2.png\",\"datePublished\":\"2025-06-20T13:20:27+00:00\",\"dateModified\":\"2025-12-17T14:01:19+00:00\",\"breadcrumb\":{\"@id\":\"https:\/\/www.fecomercio-ce.com.br\/sescce\/museus-organicos\/museu-casa-do-mestre-antonio-luiz\/#breadcrumb\"},\"inLanguage\":\"pt-BR\",\"potentialAction\":[{\"@type\":\"ReadAction\",\"target\":[\"https:\/\/www.fecomercio-ce.com.br\/sescce\/museus-organicos\/museu-casa-do-mestre-antonio-luiz\/\"]}]},{\"@type\":\"ImageObject\",\"inLanguage\":\"pt-BR\",\"@id\":\"https:\/\/www.fecomercio-ce.com.br\/sescce\/museus-organicos\/museu-casa-do-mestre-antonio-luiz\/#primaryimage\",\"url\":\"https:\/\/www.fecomercio-ce.com.br\/sescce\/wp-content\/uploads\/sites\/2\/2025\/06\/museu2.png\",\"contentUrl\":\"https:\/\/www.fecomercio-ce.com.br\/sescce\/wp-content\/uploads\/sites\/2\/2025\/06\/museu2.png\",\"width\":423,\"height\":353},{\"@type\":\"BreadcrumbList\",\"@id\":\"https:\/\/www.fecomercio-ce.com.br\/sescce\/museus-organicos\/museu-casa-do-mestre-antonio-luiz\/#breadcrumb\",\"itemListElement\":[{\"@type\":\"ListItem\",\"position\":1,\"name\":\"In\u00edcio\",\"item\":\"https:\/\/www.fecomercio-ce.com.br\/sescce\/\"},{\"@type\":\"ListItem\",\"position\":2,\"name\":\"Museus Org\u00e2nicos\",\"item\":\"https:\/\/www.fecomercio-ce.com.br\/sescce\/museus-organicos\/\"},{\"@type\":\"ListItem\",\"position\":3,\"name\":\"Museu Casa do Mestre Ant\u00f4nio Luiz\"}]},{\"@type\":\"WebSite\",\"@id\":\"https:\/\/www.fecomercio-ce.com.br\/sescce\/#website\",\"url\":\"https:\/\/www.fecomercio-ce.com.br\/sescce\/\",\"name\":\"Sesc Cear\u00e1\",\"description\":\"O Servi\u00e7o Social do Com\u00e9rcio (Sesc), bra\u00e7o social do Sistema Fecom\u00e9rcio-CE. Atua nas \u00e1reas de Educa\u00e7\u00e3o, Cultura, Lazer, Sa\u00fade e Assist\u00eancia.\",\"potentialAction\":[{\"@type\":\"SearchAction\",\"target\":{\"@type\":\"EntryPoint\",\"urlTemplate\":\"https:\/\/www.fecomercio-ce.com.br\/sescce\/?s={search_term_string}\"},\"query-input\":{\"@type\":\"PropertyValueSpecification\",\"valueRequired\":true,\"valueName\":\"search_term_string\"}}],\"inLanguage\":\"pt-BR\"}]}<\/script>\n<!-- \/ Yoast SEO plugin. -->","yoast_head_json":{"title":"Museu Casa do Mestre Ant\u00f4nio Luiz - Sesc Cear\u00e1","robots":{"index":"index","follow":"follow","max-snippet":"max-snippet:-1","max-image-preview":"max-image-preview:large","max-video-preview":"max-video-preview:-1"},"canonical":"https:\/\/www.fecomercio-ce.com.br\/sescce\/museus-organicos\/museu-casa-do-mestre-antonio-luiz\/","og_locale":"pt_BR","og_type":"article","og_title":"Museu Casa do Mestre Ant\u00f4nio Luiz - Sesc Cear\u00e1","og_description":"Estrada dos Barreiros, 23, S\u00edtio Sassar\u00e9 &#8211; Potengi\/CE Data de inaugura\u00e7\u00e3o: 18\/09\/2018 Ant\u00f4nio Luiz de Souza, o Mestre Ant\u00f4nio Luiz, nasceu em 1957, na cidade de Potengi, cidade onde mora at\u00e9 hoje. \u00c9 refer\u00eancia como Mestre de Cultura, idealizador e brincante do Reisado de M\u00e1scaras, no S\u00edtio de Sassar\u00e9. Sua casa tornou-se um lugar muito [&hellip;]","og_url":"https:\/\/www.fecomercio-ce.com.br\/sescce\/museus-organicos\/museu-casa-do-mestre-antonio-luiz\/","og_site_name":"Sesc Cear\u00e1","article_modified_time":"2025-12-17T14:01:19+00:00","og_image":[{"width":423,"height":353,"url":"https:\/\/www.fecomercio-ce.com.br\/sescce\/wp-content\/uploads\/sites\/2\/2025\/06\/museu2.png","type":"image\/png"}],"twitter_card":"summary_large_image","twitter_misc":{"Est. tempo de leitura":"2 minutos"},"schema":{"@context":"https:\/\/schema.org","@graph":[{"@type":"WebPage","@id":"https:\/\/www.fecomercio-ce.com.br\/sescce\/museus-organicos\/museu-casa-do-mestre-antonio-luiz\/","url":"https:\/\/www.fecomercio-ce.com.br\/sescce\/museus-organicos\/museu-casa-do-mestre-antonio-luiz\/","name":"Museu Casa do Mestre Ant\u00f4nio Luiz - Sesc Cear\u00e1","isPartOf":{"@id":"https:\/\/www.fecomercio-ce.com.br\/sescce\/#website"},"primaryImageOfPage":{"@id":"https:\/\/www.fecomercio-ce.com.br\/sescce\/museus-organicos\/museu-casa-do-mestre-antonio-luiz\/#primaryimage"},"image":{"@id":"https:\/\/www.fecomercio-ce.com.br\/sescce\/museus-organicos\/museu-casa-do-mestre-antonio-luiz\/#primaryimage"},"thumbnailUrl":"https:\/\/www.fecomercio-ce.com.br\/sescce\/wp-content\/uploads\/sites\/2\/2025\/06\/museu2.png","datePublished":"2025-06-20T13:20:27+00:00","dateModified":"2025-12-17T14:01:19+00:00","breadcrumb":{"@id":"https:\/\/www.fecomercio-ce.com.br\/sescce\/museus-organicos\/museu-casa-do-mestre-antonio-luiz\/#breadcrumb"},"inLanguage":"pt-BR","potentialAction":[{"@type":"ReadAction","target":["https:\/\/www.fecomercio-ce.com.br\/sescce\/museus-organicos\/museu-casa-do-mestre-antonio-luiz\/"]}]},{"@type":"ImageObject","inLanguage":"pt-BR","@id":"https:\/\/www.fecomercio-ce.com.br\/sescce\/museus-organicos\/museu-casa-do-mestre-antonio-luiz\/#primaryimage","url":"https:\/\/www.fecomercio-ce.com.br\/sescce\/wp-content\/uploads\/sites\/2\/2025\/06\/museu2.png","contentUrl":"https:\/\/www.fecomercio-ce.com.br\/sescce\/wp-content\/uploads\/sites\/2\/2025\/06\/museu2.png","width":423,"height":353},{"@type":"BreadcrumbList","@id":"https:\/\/www.fecomercio-ce.com.br\/sescce\/museus-organicos\/museu-casa-do-mestre-antonio-luiz\/#breadcrumb","itemListElement":[{"@type":"ListItem","position":1,"name":"In\u00edcio","item":"https:\/\/www.fecomercio-ce.com.br\/sescce\/"},{"@type":"ListItem","position":2,"name":"Museus Org\u00e2nicos","item":"https:\/\/www.fecomercio-ce.com.br\/sescce\/museus-organicos\/"},{"@type":"ListItem","position":3,"name":"Museu Casa do Mestre Ant\u00f4nio Luiz"}]},{"@type":"WebSite","@id":"https:\/\/www.fecomercio-ce.com.br\/sescce\/#website","url":"https:\/\/www.fecomercio-ce.com.br\/sescce\/","name":"Sesc Cear\u00e1","description":"O Servi\u00e7o Social do Com\u00e9rcio (Sesc), bra\u00e7o social do Sistema Fecom\u00e9rcio-CE. Atua nas \u00e1reas de Educa\u00e7\u00e3o, Cultura, Lazer, Sa\u00fade e Assist\u00eancia.","potentialAction":[{"@type":"SearchAction","target":{"@type":"EntryPoint","urlTemplate":"https:\/\/www.fecomercio-ce.com.br\/sescce\/?s={search_term_string}"},"query-input":{"@type":"PropertyValueSpecification","valueRequired":true,"valueName":"search_term_string"}}],"inLanguage":"pt-BR"}]}},"_links":{"self":[{"href":"https:\/\/www.fecomercio-ce.com.br\/sescce\/wp-json\/wp\/v2\/pages\/1766","targetHints":{"allow":["GET"]}}],"collection":[{"href":"https:\/\/www.fecomercio-ce.com.br\/sescce\/wp-json\/wp\/v2\/pages"}],"about":[{"href":"https:\/\/www.fecomercio-ce.com.br\/sescce\/wp-json\/wp\/v2\/types\/page"}],"author":[{"embeddable":true,"href":"https:\/\/www.fecomercio-ce.com.br\/sescce\/wp-json\/wp\/v2\/users\/1"}],"replies":[{"embeddable":true,"href":"https:\/\/www.fecomercio-ce.com.br\/sescce\/wp-json\/wp\/v2\/comments?post=1766"}],"version-history":[{"count":4,"href":"https:\/\/www.fecomercio-ce.com.br\/sescce\/wp-json\/wp\/v2\/pages\/1766\/revisions"}],"predecessor-version":[{"id":3518,"href":"https:\/\/www.fecomercio-ce.com.br\/sescce\/wp-json\/wp\/v2\/pages\/1766\/revisions\/3518"}],"up":[{"embeddable":true,"href":"https:\/\/www.fecomercio-ce.com.br\/sescce\/wp-json\/wp\/v2\/pages\/1746"}],"wp:featuredmedia":[{"embeddable":true,"href":"https:\/\/www.fecomercio-ce.com.br\/sescce\/wp-json\/wp\/v2\/media\/1767"}],"wp:attachment":[{"href":"https:\/\/www.fecomercio-ce.com.br\/sescce\/wp-json\/wp\/v2\/media?parent=1766"}],"curies":[{"name":"wp","href":"https:\/\/api.w.org\/{rel}","templated":true}]}}