{"id":1836,"date":"2025-07-03T09:11:05","date_gmt":"2025-07-03T12:11:05","guid":{"rendered":"https:\/\/www.fecomercio-ce.com.br\/sescce\/?page_id=1836"},"modified":"2025-07-24T14:18:27","modified_gmt":"2025-07-24T17:18:27","slug":"fornecedores-normas-e-instrucoes","status":"publish","type":"page","link":"https:\/\/www.fecomercio-ce.com.br\/sescce\/fornecedores-normas-e-instrucoes\/","title":{"rendered":"Fornecedores &#8211; Normas e Instru\u00e7\u00f5es"},"content":{"rendered":"<div>Confira as Normas e Instru\u00e7\u00f5es para se tornar um Fornecedor do Sesc.<\/div>\n<div><\/div>\n<p>&nbsp;<\/p>\n<div>Fornecedor, realize seu cadastro a seguir.<\/div>\n","protected":false},"excerpt":{"rendered":"<p>Confira as Normas e Instru\u00e7\u00f5es para se tornar um Fornecedor do Sesc. &nbsp; Fornecedor, realize seu cadastro a seguir.<\/p>\n","protected":false},"author":1,"featured_media":0,"parent":0,"menu_order":0,"comment_status":"closed","ping_status":"closed","template":"page-content.php","meta":{"_acf_changed":false,"footnotes":""},"class_list":["post-1836","page","type-page","status-publish","hentry"],"acf":[],"yoast_head":"<!-- This site is optimized with the Yoast SEO plugin v24.3 - https:\/\/yoast.com\/wordpress\/plugins\/seo\/ -->\n<title>Fornecedores - Normas e Instru\u00e7\u00f5es - Sesc Cear\u00e1<\/title>\n<meta name=\"robots\" content=\"index, follow, max-snippet:-1, max-image-preview:large, max-video-preview:-1\" \/>\n<link rel=\"canonical\" href=\"https:\/\/www.fecomercio-ce.com.br\/sescce\/fornecedores-normas-e-instrucoes\/\" \/>\n<meta property=\"og:locale\" content=\"pt_BR\" \/>\n<meta property=\"og:type\" content=\"article\" \/>\n<meta property=\"og:title\" content=\"Fornecedores - Normas e Instru\u00e7\u00f5es - Sesc Cear\u00e1\" \/>\n<meta property=\"og:description\" content=\"Confira as Normas e Instru\u00e7\u00f5es para se tornar um Fornecedor do Sesc. &nbsp; Fornecedor, realize seu cadastro a seguir.\" \/>\n<meta property=\"og:url\" content=\"https:\/\/www.fecomercio-ce.com.br\/sescce\/fornecedores-normas-e-instrucoes\/\" \/>\n<meta property=\"og:site_name\" content=\"Sesc Cear\u00e1\" \/>\n<meta property=\"article:modified_time\" content=\"2025-07-24T17:18:27+00:00\" \/>\n<meta name=\"twitter:card\" content=\"summary_large_image\" \/>\n<meta name=\"twitter:label1\" content=\"Est. tempo de leitura\" \/>\n\t<meta name=\"twitter:data1\" content=\"1 minuto\" \/>\n<script type=\"application\/ld+json\" class=\"yoast-schema-graph\">{\"@context\":\"https:\/\/schema.org\",\"@graph\":[{\"@type\":\"WebPage\",\"@id\":\"https:\/\/www.fecomercio-ce.com.br\/sescce\/fornecedores-normas-e-instrucoes\/\",\"url\":\"https:\/\/www.fecomercio-ce.com.br\/sescce\/fornecedores-normas-e-instrucoes\/\",\"name\":\"Fornecedores - Normas e Instru\u00e7\u00f5es - Sesc Cear\u00e1\",\"isPartOf\":{\"@id\":\"https:\/\/www.fecomercio-ce.com.br\/sescce\/#website\"},\"datePublished\":\"2025-07-03T12:11:05+00:00\",\"dateModified\":\"2025-07-24T17:18:27+00:00\",\"breadcrumb\":{\"@id\":\"https:\/\/www.fecomercio-ce.com.br\/sescce\/fornecedores-normas-e-instrucoes\/#breadcrumb\"},\"inLanguage\":\"pt-BR\",\"potentialAction\":[{\"@type\":\"ReadAction\",\"target\":[\"https:\/\/www.fecomercio-ce.com.br\/sescce\/fornecedores-normas-e-instrucoes\/\"]}]},{\"@type\":\"BreadcrumbList\",\"@id\":\"https:\/\/www.fecomercio-ce.com.br\/sescce\/fornecedores-normas-e-instrucoes\/#breadcrumb\",\"itemListElement\":[{\"@type\":\"ListItem\",\"position\":1,\"name\":\"In\u00edcio\",\"item\":\"https:\/\/www.fecomercio-ce.com.br\/sescce\/\"},{\"@type\":\"ListItem\",\"position\":2,\"name\":\"Fornecedores &#8211; Normas e Instru\u00e7\u00f5es\"}]},{\"@type\":\"WebSite\",\"@id\":\"https:\/\/www.fecomercio-ce.com.br\/sescce\/#website\",\"url\":\"https:\/\/www.fecomercio-ce.com.br\/sescce\/\",\"name\":\"Sesc Cear\u00e1\",\"description\":\"O Servi\u00e7o Social do Com\u00e9rcio (Sesc), bra\u00e7o social do Sistema Fecom\u00e9rcio-CE. Atua nas \u00e1reas de Educa\u00e7\u00e3o, Cultura, Lazer, Sa\u00fade e Assist\u00eancia.\",\"potentialAction\":[{\"@type\":\"SearchAction\",\"target\":{\"@type\":\"EntryPoint\",\"urlTemplate\":\"https:\/\/www.fecomercio-ce.com.br\/sescce\/?s={search_term_string}\"},\"query-input\":{\"@type\":\"PropertyValueSpecification\",\"valueRequired\":true,\"valueName\":\"search_term_string\"}}],\"inLanguage\":\"pt-BR\"}]}<\/script>\n<!-- \/ Yoast SEO plugin. -->","yoast_head_json":{"title":"Fornecedores - Normas e Instru\u00e7\u00f5es - Sesc Cear\u00e1","robots":{"index":"index","follow":"follow","max-snippet":"max-snippet:-1","max-image-preview":"max-image-preview:large","max-video-preview":"max-video-preview:-1"},"canonical":"https:\/\/www.fecomercio-ce.com.br\/sescce\/fornecedores-normas-e-instrucoes\/","og_locale":"pt_BR","og_type":"article","og_title":"Fornecedores - Normas e Instru\u00e7\u00f5es - Sesc Cear\u00e1","og_description":"Confira as Normas e Instru\u00e7\u00f5es para se tornar um Fornecedor do Sesc. &nbsp; Fornecedor, realize seu cadastro a seguir.","og_url":"https:\/\/www.fecomercio-ce.com.br\/sescce\/fornecedores-normas-e-instrucoes\/","og_site_name":"Sesc Cear\u00e1","article_modified_time":"2025-07-24T17:18:27+00:00","twitter_card":"summary_large_image","twitter_misc":{"Est. tempo de leitura":"1 minuto"},"schema":{"@context":"https:\/\/schema.org","@graph":[{"@type":"WebPage","@id":"https:\/\/www.fecomercio-ce.com.br\/sescce\/fornecedores-normas-e-instrucoes\/","url":"https:\/\/www.fecomercio-ce.com.br\/sescce\/fornecedores-normas-e-instrucoes\/","name":"Fornecedores - Normas e Instru\u00e7\u00f5es - Sesc Cear\u00e1","isPartOf":{"@id":"https:\/\/www.fecomercio-ce.com.br\/sescce\/#website"},"datePublished":"2025-07-03T12:11:05+00:00","dateModified":"2025-07-24T17:18:27+00:00","breadcrumb":{"@id":"https:\/\/www.fecomercio-ce.com.br\/sescce\/fornecedores-normas-e-instrucoes\/#breadcrumb"},"inLanguage":"pt-BR","potentialAction":[{"@type":"ReadAction","target":["https:\/\/www.fecomercio-ce.com.br\/sescce\/fornecedores-normas-e-instrucoes\/"]}]},{"@type":"BreadcrumbList","@id":"https:\/\/www.fecomercio-ce.com.br\/sescce\/fornecedores-normas-e-instrucoes\/#breadcrumb","itemListElement":[{"@type":"ListItem","position":1,"name":"In\u00edcio","item":"https:\/\/www.fecomercio-ce.com.br\/sescce\/"},{"@type":"ListItem","position":2,"name":"Fornecedores &#8211; Normas e Instru\u00e7\u00f5es"}]},{"@type":"WebSite","@id":"https:\/\/www.fecomercio-ce.com.br\/sescce\/#website","url":"https:\/\/www.fecomercio-ce.com.br\/sescce\/","name":"Sesc Cear\u00e1","description":"O Servi\u00e7o Social do Com\u00e9rcio (Sesc), bra\u00e7o social do Sistema Fecom\u00e9rcio-CE. Atua nas \u00e1reas de Educa\u00e7\u00e3o, Cultura, Lazer, Sa\u00fade e Assist\u00eancia.","potentialAction":[{"@type":"SearchAction","target":{"@type":"EntryPoint","urlTemplate":"https:\/\/www.fecomercio-ce.com.br\/sescce\/?s={search_term_string}"},"query-input":{"@type":"PropertyValueSpecification","valueRequired":true,"valueName":"search_term_string"}}],"inLanguage":"pt-BR"}]}},"_links":{"self":[{"href":"https:\/\/www.fecomercio-ce.com.br\/sescce\/wp-json\/wp\/v2\/pages\/1836","targetHints":{"allow":["GET"]}}],"collection":[{"href":"https:\/\/www.fecomercio-ce.com.br\/sescce\/wp-json\/wp\/v2\/pages"}],"about":[{"href":"https:\/\/www.fecomercio-ce.com.br\/sescce\/wp-json\/wp\/v2\/types\/page"}],"author":[{"embeddable":true,"href":"https:\/\/www.fecomercio-ce.com.br\/sescce\/wp-json\/wp\/v2\/users\/1"}],"replies":[{"embeddable":true,"href":"https:\/\/www.fecomercio-ce.com.br\/sescce\/wp-json\/wp\/v2\/comments?post=1836"}],"version-history":[{"count":22,"href":"https:\/\/www.fecomercio-ce.com.br\/sescce\/wp-json\/wp\/v2\/pages\/1836\/revisions"}],"predecessor-version":[{"id":1928,"href":"https:\/\/www.fecomercio-ce.com.br\/sescce\/wp-json\/wp\/v2\/pages\/1836\/revisions\/1928"}],"wp:attachment":[{"href":"https:\/\/www.fecomercio-ce.com.br\/sescce\/wp-json\/wp\/v2\/media?parent=1836"}],"curies":[{"name":"wp","href":"https:\/\/api.w.org\/{rel}","templated":true}]}}