{"id":2461,"date":"2025-10-30T15:53:50","date_gmt":"2025-10-30T18:53:50","guid":{"rendered":"https:\/\/www.fecomercio-ce.com.br\/sescce\/?page_id=2461"},"modified":"2025-10-30T15:53:50","modified_gmt":"2025-10-30T18:53:50","slug":"artesanato-em-barro","status":"publish","type":"page","link":"https:\/\/www.fecomercio-ce.com.br\/sescce\/espaco-artesao\/artesanato-em-barro\/","title":{"rendered":"Artesanato em barro"},"content":{"rendered":"<table style=\"width:100%;border-collapse:collapse;font-family:'Open Sans',Arial,sans-serif;font-size:15px;color:#333;margin:30px 0;border:1px solid #ddd;\">\n<thead>\n<tr>\n<th style=\"background-color:#003B7A;color:#fff;text-align:left;padding:10px 15px;text-transform:uppercase;font-weight:600;border-bottom:3px solid #F4B223;\">Nome<\/th>\n<th style=\"background-color:#003B7A;color:#fff;text-align:left;padding:10px 15px;text-transform:uppercase;font-weight:600;border-bottom:3px solid #F4B223;\">Institui\u00e7\u00e3o<\/th>\n<th style=\"background-color:#003B7A;color:#fff;text-align:left;padding:10px 15px;text-transform:uppercase;font-weight:600;border-bottom:3px solid #F4B223;\">Localidade<\/th>\n<\/tr>\n<\/thead>\n<tbody>\n<tr style=\"background-color:#fff;\">\n<td style=\"padding:10px 15px;border-bottom:1px solid #ddd;\">Corrinha<\/td>\n<td style=\"padding:10px 15px;border-bottom:1px solid #ddd;\">M\u00e3o na Massa<\/td>\n<td style=\"padding:10px 15px;border-bottom:1px solid #ddd;\">Miss\u00e3o Velha<\/td>\n<\/tr>\n<tr style=\"background-color:#f9f9f9;\">\n<td style=\"padding:10px 15px;border-bottom:1px solid #ddd;\">Tope Cer\u00e2mica<\/td>\n<td style=\"padding:10px 15px;border-bottom:1px solid #ddd;\">Associa\u00e7\u00e3o dos Ceramistas<\/td>\n<td style=\"padding:10px 15px;border-bottom:1px solid #ddd;\">Vi\u00e7osa do Cear\u00e1<\/td>\n<\/tr>\n<tr>\n<td style=\"padding:10px 15px;border-bottom:1px solid #ddd;\">M\u00e3os que Criam<\/td>\n<td style=\"padding:10px 15px;border-bottom:1px solid #ddd;\">\u2014<\/td>\n<td style=\"padding:10px 15px;border-bottom:1px solid #ddd;\">Cascavel<\/td>\n<\/tr>\n<\/tbody>\n<\/table>\n","protected":false},"excerpt":{"rendered":"<p>Nome Institui\u00e7\u00e3o Localidade Corrinha M\u00e3o na Massa Miss\u00e3o Velha Tope Cer\u00e2mica Associa\u00e7\u00e3o dos Ceramistas Vi\u00e7osa do Cear\u00e1 M\u00e3os que Criam \u2014 Cascavel<\/p>\n","protected":false},"author":1,"featured_media":0,"parent":2403,"menu_order":0,"comment_status":"closed","ping_status":"closed","template":"page-content.php","meta":{"_acf_changed":false,"footnotes":""},"class_list":["post-2461","page","type-page","status-publish","hentry"],"acf":[],"yoast_head":"<!-- This site is optimized with the Yoast SEO plugin v24.3 - https:\/\/yoast.com\/wordpress\/plugins\/seo\/ -->\n<title>Artesanato em barro - Sesc Cear\u00e1<\/title>\n<meta name=\"robots\" content=\"index, follow, max-snippet:-1, max-image-preview:large, max-video-preview:-1\" \/>\n<link rel=\"canonical\" href=\"https:\/\/www.fecomercio-ce.com.br\/sescce\/espaco-artesao\/artesanato-em-barro\/\" \/>\n<meta property=\"og:locale\" content=\"pt_BR\" \/>\n<meta property=\"og:type\" content=\"article\" \/>\n<meta property=\"og:title\" content=\"Artesanato em barro - Sesc Cear\u00e1\" \/>\n<meta property=\"og:description\" content=\"Nome Institui\u00e7\u00e3o Localidade Corrinha M\u00e3o na Massa Miss\u00e3o Velha Tope Cer\u00e2mica Associa\u00e7\u00e3o dos Ceramistas Vi\u00e7osa do Cear\u00e1 M\u00e3os que Criam \u2014 Cascavel\" \/>\n<meta property=\"og:url\" content=\"https:\/\/www.fecomercio-ce.com.br\/sescce\/espaco-artesao\/artesanato-em-barro\/\" \/>\n<meta property=\"og:site_name\" content=\"Sesc Cear\u00e1\" \/>\n<meta name=\"twitter:card\" content=\"summary_large_image\" \/>\n<meta name=\"twitter:label1\" content=\"Est. tempo de leitura\" \/>\n\t<meta name=\"twitter:data1\" content=\"1 minuto\" \/>\n<script type=\"application\/ld+json\" class=\"yoast-schema-graph\">{\"@context\":\"https:\/\/schema.org\",\"@graph\":[{\"@type\":\"WebPage\",\"@id\":\"https:\/\/www.fecomercio-ce.com.br\/sescce\/espaco-artesao\/artesanato-em-barro\/\",\"url\":\"https:\/\/www.fecomercio-ce.com.br\/sescce\/espaco-artesao\/artesanato-em-barro\/\",\"name\":\"Artesanato em barro - Sesc Cear\u00e1\",\"isPartOf\":{\"@id\":\"https:\/\/www.fecomercio-ce.com.br\/sescce\/#website\"},\"datePublished\":\"2025-10-30T18:53:50+00:00\",\"dateModified\":\"2025-10-30T18:53:50+00:00\",\"breadcrumb\":{\"@id\":\"https:\/\/www.fecomercio-ce.com.br\/sescce\/espaco-artesao\/artesanato-em-barro\/#breadcrumb\"},\"inLanguage\":\"pt-BR\",\"potentialAction\":[{\"@type\":\"ReadAction\",\"target\":[\"https:\/\/www.fecomercio-ce.com.br\/sescce\/espaco-artesao\/artesanato-em-barro\/\"]}]},{\"@type\":\"BreadcrumbList\",\"@id\":\"https:\/\/www.fecomercio-ce.com.br\/sescce\/espaco-artesao\/artesanato-em-barro\/#breadcrumb\",\"itemListElement\":[{\"@type\":\"ListItem\",\"position\":1,\"name\":\"In\u00edcio\",\"item\":\"https:\/\/www.fecomercio-ce.com.br\/sescce\/\"},{\"@type\":\"ListItem\",\"position\":2,\"name\":\"Espa\u00e7o Artes\u00e3o\",\"item\":\"https:\/\/www.fecomercio-ce.com.br\/sescce\/espaco-artesao\/\"},{\"@type\":\"ListItem\",\"position\":3,\"name\":\"Artesanato em barro\"}]},{\"@type\":\"WebSite\",\"@id\":\"https:\/\/www.fecomercio-ce.com.br\/sescce\/#website\",\"url\":\"https:\/\/www.fecomercio-ce.com.br\/sescce\/\",\"name\":\"Sesc Cear\u00e1\",\"description\":\"O Servi\u00e7o Social do Com\u00e9rcio (Sesc), bra\u00e7o social do Sistema Fecom\u00e9rcio-CE. Atua nas \u00e1reas de Educa\u00e7\u00e3o, Cultura, Lazer, Sa\u00fade e Assist\u00eancia.\",\"potentialAction\":[{\"@type\":\"SearchAction\",\"target\":{\"@type\":\"EntryPoint\",\"urlTemplate\":\"https:\/\/www.fecomercio-ce.com.br\/sescce\/?s={search_term_string}\"},\"query-input\":{\"@type\":\"PropertyValueSpecification\",\"valueRequired\":true,\"valueName\":\"search_term_string\"}}],\"inLanguage\":\"pt-BR\"}]}<\/script>\n<!-- \/ Yoast SEO plugin. -->","yoast_head_json":{"title":"Artesanato em barro - Sesc Cear\u00e1","robots":{"index":"index","follow":"follow","max-snippet":"max-snippet:-1","max-image-preview":"max-image-preview:large","max-video-preview":"max-video-preview:-1"},"canonical":"https:\/\/www.fecomercio-ce.com.br\/sescce\/espaco-artesao\/artesanato-em-barro\/","og_locale":"pt_BR","og_type":"article","og_title":"Artesanato em barro - Sesc Cear\u00e1","og_description":"Nome Institui\u00e7\u00e3o Localidade Corrinha M\u00e3o na Massa Miss\u00e3o Velha Tope Cer\u00e2mica Associa\u00e7\u00e3o dos Ceramistas Vi\u00e7osa do Cear\u00e1 M\u00e3os que Criam \u2014 Cascavel","og_url":"https:\/\/www.fecomercio-ce.com.br\/sescce\/espaco-artesao\/artesanato-em-barro\/","og_site_name":"Sesc Cear\u00e1","twitter_card":"summary_large_image","twitter_misc":{"Est. tempo de leitura":"1 minuto"},"schema":{"@context":"https:\/\/schema.org","@graph":[{"@type":"WebPage","@id":"https:\/\/www.fecomercio-ce.com.br\/sescce\/espaco-artesao\/artesanato-em-barro\/","url":"https:\/\/www.fecomercio-ce.com.br\/sescce\/espaco-artesao\/artesanato-em-barro\/","name":"Artesanato em barro - Sesc Cear\u00e1","isPartOf":{"@id":"https:\/\/www.fecomercio-ce.com.br\/sescce\/#website"},"datePublished":"2025-10-30T18:53:50+00:00","dateModified":"2025-10-30T18:53:50+00:00","breadcrumb":{"@id":"https:\/\/www.fecomercio-ce.com.br\/sescce\/espaco-artesao\/artesanato-em-barro\/#breadcrumb"},"inLanguage":"pt-BR","potentialAction":[{"@type":"ReadAction","target":["https:\/\/www.fecomercio-ce.com.br\/sescce\/espaco-artesao\/artesanato-em-barro\/"]}]},{"@type":"BreadcrumbList","@id":"https:\/\/www.fecomercio-ce.com.br\/sescce\/espaco-artesao\/artesanato-em-barro\/#breadcrumb","itemListElement":[{"@type":"ListItem","position":1,"name":"In\u00edcio","item":"https:\/\/www.fecomercio-ce.com.br\/sescce\/"},{"@type":"ListItem","position":2,"name":"Espa\u00e7o Artes\u00e3o","item":"https:\/\/www.fecomercio-ce.com.br\/sescce\/espaco-artesao\/"},{"@type":"ListItem","position":3,"name":"Artesanato em barro"}]},{"@type":"WebSite","@id":"https:\/\/www.fecomercio-ce.com.br\/sescce\/#website","url":"https:\/\/www.fecomercio-ce.com.br\/sescce\/","name":"Sesc Cear\u00e1","description":"O Servi\u00e7o Social do Com\u00e9rcio (Sesc), bra\u00e7o social do Sistema Fecom\u00e9rcio-CE. Atua nas \u00e1reas de Educa\u00e7\u00e3o, Cultura, Lazer, Sa\u00fade e Assist\u00eancia.","potentialAction":[{"@type":"SearchAction","target":{"@type":"EntryPoint","urlTemplate":"https:\/\/www.fecomercio-ce.com.br\/sescce\/?s={search_term_string}"},"query-input":{"@type":"PropertyValueSpecification","valueRequired":true,"valueName":"search_term_string"}}],"inLanguage":"pt-BR"}]}},"_links":{"self":[{"href":"https:\/\/www.fecomercio-ce.com.br\/sescce\/wp-json\/wp\/v2\/pages\/2461","targetHints":{"allow":["GET"]}}],"collection":[{"href":"https:\/\/www.fecomercio-ce.com.br\/sescce\/wp-json\/wp\/v2\/pages"}],"about":[{"href":"https:\/\/www.fecomercio-ce.com.br\/sescce\/wp-json\/wp\/v2\/types\/page"}],"author":[{"embeddable":true,"href":"https:\/\/www.fecomercio-ce.com.br\/sescce\/wp-json\/wp\/v2\/users\/1"}],"replies":[{"embeddable":true,"href":"https:\/\/www.fecomercio-ce.com.br\/sescce\/wp-json\/wp\/v2\/comments?post=2461"}],"version-history":[{"count":1,"href":"https:\/\/www.fecomercio-ce.com.br\/sescce\/wp-json\/wp\/v2\/pages\/2461\/revisions"}],"predecessor-version":[{"id":2462,"href":"https:\/\/www.fecomercio-ce.com.br\/sescce\/wp-json\/wp\/v2\/pages\/2461\/revisions\/2462"}],"up":[{"embeddable":true,"href":"https:\/\/www.fecomercio-ce.com.br\/sescce\/wp-json\/wp\/v2\/pages\/2403"}],"wp:attachment":[{"href":"https:\/\/www.fecomercio-ce.com.br\/sescce\/wp-json\/wp\/v2\/media?parent=2461"}],"curies":[{"name":"wp","href":"https:\/\/api.w.org\/{rel}","templated":true}]}}