{"id":2691,"date":"2025-11-07T15:25:58","date_gmt":"2025-11-07T18:25:58","guid":{"rendered":"https:\/\/www.fecomercio-ce.com.br\/sescce\/?page_id=2691"},"modified":"2025-12-17T10:48:49","modified_gmt":"2025-12-17T13:48:49","slug":"museu-oficina-antonio-rabelo","status":"publish","type":"page","link":"https:\/\/www.fecomercio-ce.com.br\/sescce\/museus-organicos\/museu-oficina-antonio-rabelo\/","title":{"rendered":"Museu Oficina Ant\u00f4nio Rabelo"},"content":{"rendered":"<p>Rua Francisco de Assis de Almeida, 673, Sabonete &#8211; Quixeramobim\/CE<\/p>\n<p>Data de inaugura\u00e7\u00e3o: 18\/05\/2022<\/p>\n<p>O primeiro Museu Org\u00e2nico inaugurado fora da regi\u00e3o do Cariri. \u00c9 um reconhecimento ao designer de joias, artes\u00e3o e artista pl\u00e1stico que tem as pedras e os espinhos dos cactos de Quixeramobim como sua principal mat\u00e9ria-prima. Rabelo \u00e9 hoje um dos mais respeitados designers de joias artesanais do Brasil. Participou de v\u00e1rias exposi\u00e7\u00f5es pelo Pa\u00eds e no exterior, e sua empresa, fundada em 2002, tamb\u00e9m \u00e9 local de orienta\u00e7\u00e3o e treino para futuros artes\u00e3os de joias. De sua oficina, em Quixeramobim, Rabelo utiliza todo o seu talento transformando pedras r\u00fasticas e as mais variadas mat\u00e9rias-primas da caatinga em joias preciosas, de rara beleza e extremo bom gosto. Sua produ\u00e7\u00e3o \u00e9 tipicamente artesanal: aneis, brincos, colares, braceletes, dentre outros in\u00fameros acess\u00f3rios que possuem uma marca inconfund\u00edvel de ser e fazer. Ele salienta que seu trabalho \u00e9 de descoberta, tanto do sert\u00e3o quanto dele mesmo, uma maneira de valorizar e preservar o territ\u00f3rio, garantindo o devido reconhecimento ao que h\u00e1 de mais primitivo no Sert\u00e3o Central.<\/p>\n<p><img loading=\"lazy\" decoding=\"async\" class=\"alignnone size-full wp-image-2743\" src=\"https:\/\/www.fecomercio-ce.com.br\/sescce\/wp-content\/uploads\/sites\/2\/2025\/11\/ANTONIO-RABELO.png\" alt=\"\" width=\"369\" height=\"243\" srcset=\"https:\/\/www.fecomercio-ce.com.br\/sescce\/wp-content\/uploads\/sites\/2\/2025\/11\/ANTONIO-RABELO.png 369w, https:\/\/www.fecomercio-ce.com.br\/sescce\/wp-content\/uploads\/sites\/2\/2025\/11\/ANTONIO-RABELO-300x198.png 300w, https:\/\/www.fecomercio-ce.com.br\/sescce\/wp-content\/uploads\/sites\/2\/2025\/11\/ANTONIO-RABELO-100x66.png 100w\" sizes=\"auto, (max-width: 369px) 100vw, 369px\" \/><\/p>\n","protected":false},"excerpt":{"rendered":"<p>Rua Francisco de Assis de Almeida, 673, Sabonete &#8211; Quixeramobim\/CE Data de inaugura\u00e7\u00e3o: 18\/05\/2022 O primeiro Museu Org\u00e2nico inaugurado fora da regi\u00e3o do Cariri. \u00c9 um reconhecimento ao designer de joias, artes\u00e3o e artista pl\u00e1stico que tem as pedras e os espinhos dos cactos de Quixeramobim como sua principal mat\u00e9ria-prima. Rabelo \u00e9 hoje um dos [&hellip;]<\/p>\n","protected":false},"author":1,"featured_media":2743,"parent":1746,"menu_order":0,"comment_status":"closed","ping_status":"closed","template":"page-single-lp-secondary.php","meta":{"_acf_changed":false,"footnotes":""},"class_list":["post-2691","page","type-page","status-publish","has-post-thumbnail","hentry"],"acf":[],"yoast_head":"<!-- This site is optimized with the Yoast SEO plugin v24.3 - https:\/\/yoast.com\/wordpress\/plugins\/seo\/ -->\n<title>Museu Oficina Ant\u00f4nio Rabelo - Sesc Cear\u00e1<\/title>\n<meta name=\"robots\" content=\"index, follow, max-snippet:-1, max-image-preview:large, max-video-preview:-1\" \/>\n<link rel=\"canonical\" href=\"https:\/\/www.fecomercio-ce.com.br\/sescce\/museus-organicos\/museu-oficina-antonio-rabelo\/\" \/>\n<meta property=\"og:locale\" content=\"pt_BR\" \/>\n<meta property=\"og:type\" content=\"article\" \/>\n<meta property=\"og:title\" content=\"Museu Oficina Ant\u00f4nio Rabelo - Sesc Cear\u00e1\" \/>\n<meta property=\"og:description\" content=\"Rua Francisco de Assis de Almeida, 673, Sabonete &#8211; Quixeramobim\/CE Data de inaugura\u00e7\u00e3o: 18\/05\/2022 O primeiro Museu Org\u00e2nico inaugurado fora da regi\u00e3o do Cariri. \u00c9 um reconhecimento ao designer de joias, artes\u00e3o e artista pl\u00e1stico que tem as pedras e os espinhos dos cactos de Quixeramobim como sua principal mat\u00e9ria-prima. Rabelo \u00e9 hoje um dos [&hellip;]\" \/>\n<meta property=\"og:url\" content=\"https:\/\/www.fecomercio-ce.com.br\/sescce\/museus-organicos\/museu-oficina-antonio-rabelo\/\" \/>\n<meta property=\"og:site_name\" content=\"Sesc Cear\u00e1\" \/>\n<meta property=\"article:modified_time\" content=\"2025-12-17T13:48:49+00:00\" \/>\n<meta property=\"og:image\" content=\"https:\/\/www.fecomercio-ce.com.br\/sescce\/wp-content\/uploads\/sites\/2\/2025\/11\/ANTONIO-RABELO.png\" \/>\n\t<meta property=\"og:image:width\" content=\"369\" \/>\n\t<meta property=\"og:image:height\" content=\"243\" \/>\n\t<meta property=\"og:image:type\" content=\"image\/png\" \/>\n<meta name=\"twitter:card\" content=\"summary_large_image\" \/>\n<meta name=\"twitter:label1\" content=\"Est. tempo de leitura\" \/>\n\t<meta name=\"twitter:data1\" content=\"2 minutos\" \/>\n<script type=\"application\/ld+json\" class=\"yoast-schema-graph\">{\"@context\":\"https:\/\/schema.org\",\"@graph\":[{\"@type\":\"WebPage\",\"@id\":\"https:\/\/www.fecomercio-ce.com.br\/sescce\/museus-organicos\/museu-oficina-antonio-rabelo\/\",\"url\":\"https:\/\/www.fecomercio-ce.com.br\/sescce\/museus-organicos\/museu-oficina-antonio-rabelo\/\",\"name\":\"Museu Oficina Ant\u00f4nio Rabelo - Sesc Cear\u00e1\",\"isPartOf\":{\"@id\":\"https:\/\/www.fecomercio-ce.com.br\/sescce\/#website\"},\"primaryImageOfPage\":{\"@id\":\"https:\/\/www.fecomercio-ce.com.br\/sescce\/museus-organicos\/museu-oficina-antonio-rabelo\/#primaryimage\"},\"image\":{\"@id\":\"https:\/\/www.fecomercio-ce.com.br\/sescce\/museus-organicos\/museu-oficina-antonio-rabelo\/#primaryimage\"},\"thumbnailUrl\":\"https:\/\/www.fecomercio-ce.com.br\/sescce\/wp-content\/uploads\/sites\/2\/2025\/11\/ANTONIO-RABELO.png\",\"datePublished\":\"2025-11-07T18:25:58+00:00\",\"dateModified\":\"2025-12-17T13:48:49+00:00\",\"breadcrumb\":{\"@id\":\"https:\/\/www.fecomercio-ce.com.br\/sescce\/museus-organicos\/museu-oficina-antonio-rabelo\/#breadcrumb\"},\"inLanguage\":\"pt-BR\",\"potentialAction\":[{\"@type\":\"ReadAction\",\"target\":[\"https:\/\/www.fecomercio-ce.com.br\/sescce\/museus-organicos\/museu-oficina-antonio-rabelo\/\"]}]},{\"@type\":\"ImageObject\",\"inLanguage\":\"pt-BR\",\"@id\":\"https:\/\/www.fecomercio-ce.com.br\/sescce\/museus-organicos\/museu-oficina-antonio-rabelo\/#primaryimage\",\"url\":\"https:\/\/www.fecomercio-ce.com.br\/sescce\/wp-content\/uploads\/sites\/2\/2025\/11\/ANTONIO-RABELO.png\",\"contentUrl\":\"https:\/\/www.fecomercio-ce.com.br\/sescce\/wp-content\/uploads\/sites\/2\/2025\/11\/ANTONIO-RABELO.png\",\"width\":369,\"height\":243},{\"@type\":\"BreadcrumbList\",\"@id\":\"https:\/\/www.fecomercio-ce.com.br\/sescce\/museus-organicos\/museu-oficina-antonio-rabelo\/#breadcrumb\",\"itemListElement\":[{\"@type\":\"ListItem\",\"position\":1,\"name\":\"In\u00edcio\",\"item\":\"https:\/\/www.fecomercio-ce.com.br\/sescce\/\"},{\"@type\":\"ListItem\",\"position\":2,\"name\":\"Museus Org\u00e2nicos\",\"item\":\"https:\/\/www.fecomercio-ce.com.br\/sescce\/museus-organicos\/\"},{\"@type\":\"ListItem\",\"position\":3,\"name\":\"Museu Oficina Ant\u00f4nio Rabelo\"}]},{\"@type\":\"WebSite\",\"@id\":\"https:\/\/www.fecomercio-ce.com.br\/sescce\/#website\",\"url\":\"https:\/\/www.fecomercio-ce.com.br\/sescce\/\",\"name\":\"Sesc Cear\u00e1\",\"description\":\"O Servi\u00e7o Social do Com\u00e9rcio (Sesc), bra\u00e7o social do Sistema Fecom\u00e9rcio-CE. Atua nas \u00e1reas de Educa\u00e7\u00e3o, Cultura, Lazer, Sa\u00fade e Assist\u00eancia.\",\"potentialAction\":[{\"@type\":\"SearchAction\",\"target\":{\"@type\":\"EntryPoint\",\"urlTemplate\":\"https:\/\/www.fecomercio-ce.com.br\/sescce\/?s={search_term_string}\"},\"query-input\":{\"@type\":\"PropertyValueSpecification\",\"valueRequired\":true,\"valueName\":\"search_term_string\"}}],\"inLanguage\":\"pt-BR\"}]}<\/script>\n<!-- \/ Yoast SEO plugin. -->","yoast_head_json":{"title":"Museu Oficina Ant\u00f4nio Rabelo - Sesc Cear\u00e1","robots":{"index":"index","follow":"follow","max-snippet":"max-snippet:-1","max-image-preview":"max-image-preview:large","max-video-preview":"max-video-preview:-1"},"canonical":"https:\/\/www.fecomercio-ce.com.br\/sescce\/museus-organicos\/museu-oficina-antonio-rabelo\/","og_locale":"pt_BR","og_type":"article","og_title":"Museu Oficina Ant\u00f4nio Rabelo - Sesc Cear\u00e1","og_description":"Rua Francisco de Assis de Almeida, 673, Sabonete &#8211; Quixeramobim\/CE Data de inaugura\u00e7\u00e3o: 18\/05\/2022 O primeiro Museu Org\u00e2nico inaugurado fora da regi\u00e3o do Cariri. \u00c9 um reconhecimento ao designer de joias, artes\u00e3o e artista pl\u00e1stico que tem as pedras e os espinhos dos cactos de Quixeramobim como sua principal mat\u00e9ria-prima. Rabelo \u00e9 hoje um dos [&hellip;]","og_url":"https:\/\/www.fecomercio-ce.com.br\/sescce\/museus-organicos\/museu-oficina-antonio-rabelo\/","og_site_name":"Sesc Cear\u00e1","article_modified_time":"2025-12-17T13:48:49+00:00","og_image":[{"width":369,"height":243,"url":"https:\/\/www.fecomercio-ce.com.br\/sescce\/wp-content\/uploads\/sites\/2\/2025\/11\/ANTONIO-RABELO.png","type":"image\/png"}],"twitter_card":"summary_large_image","twitter_misc":{"Est. tempo de leitura":"2 minutos"},"schema":{"@context":"https:\/\/schema.org","@graph":[{"@type":"WebPage","@id":"https:\/\/www.fecomercio-ce.com.br\/sescce\/museus-organicos\/museu-oficina-antonio-rabelo\/","url":"https:\/\/www.fecomercio-ce.com.br\/sescce\/museus-organicos\/museu-oficina-antonio-rabelo\/","name":"Museu Oficina Ant\u00f4nio Rabelo - Sesc Cear\u00e1","isPartOf":{"@id":"https:\/\/www.fecomercio-ce.com.br\/sescce\/#website"},"primaryImageOfPage":{"@id":"https:\/\/www.fecomercio-ce.com.br\/sescce\/museus-organicos\/museu-oficina-antonio-rabelo\/#primaryimage"},"image":{"@id":"https:\/\/www.fecomercio-ce.com.br\/sescce\/museus-organicos\/museu-oficina-antonio-rabelo\/#primaryimage"},"thumbnailUrl":"https:\/\/www.fecomercio-ce.com.br\/sescce\/wp-content\/uploads\/sites\/2\/2025\/11\/ANTONIO-RABELO.png","datePublished":"2025-11-07T18:25:58+00:00","dateModified":"2025-12-17T13:48:49+00:00","breadcrumb":{"@id":"https:\/\/www.fecomercio-ce.com.br\/sescce\/museus-organicos\/museu-oficina-antonio-rabelo\/#breadcrumb"},"inLanguage":"pt-BR","potentialAction":[{"@type":"ReadAction","target":["https:\/\/www.fecomercio-ce.com.br\/sescce\/museus-organicos\/museu-oficina-antonio-rabelo\/"]}]},{"@type":"ImageObject","inLanguage":"pt-BR","@id":"https:\/\/www.fecomercio-ce.com.br\/sescce\/museus-organicos\/museu-oficina-antonio-rabelo\/#primaryimage","url":"https:\/\/www.fecomercio-ce.com.br\/sescce\/wp-content\/uploads\/sites\/2\/2025\/11\/ANTONIO-RABELO.png","contentUrl":"https:\/\/www.fecomercio-ce.com.br\/sescce\/wp-content\/uploads\/sites\/2\/2025\/11\/ANTONIO-RABELO.png","width":369,"height":243},{"@type":"BreadcrumbList","@id":"https:\/\/www.fecomercio-ce.com.br\/sescce\/museus-organicos\/museu-oficina-antonio-rabelo\/#breadcrumb","itemListElement":[{"@type":"ListItem","position":1,"name":"In\u00edcio","item":"https:\/\/www.fecomercio-ce.com.br\/sescce\/"},{"@type":"ListItem","position":2,"name":"Museus Org\u00e2nicos","item":"https:\/\/www.fecomercio-ce.com.br\/sescce\/museus-organicos\/"},{"@type":"ListItem","position":3,"name":"Museu Oficina Ant\u00f4nio Rabelo"}]},{"@type":"WebSite","@id":"https:\/\/www.fecomercio-ce.com.br\/sescce\/#website","url":"https:\/\/www.fecomercio-ce.com.br\/sescce\/","name":"Sesc Cear\u00e1","description":"O Servi\u00e7o Social do Com\u00e9rcio (Sesc), bra\u00e7o social do Sistema Fecom\u00e9rcio-CE. Atua nas \u00e1reas de Educa\u00e7\u00e3o, Cultura, Lazer, Sa\u00fade e Assist\u00eancia.","potentialAction":[{"@type":"SearchAction","target":{"@type":"EntryPoint","urlTemplate":"https:\/\/www.fecomercio-ce.com.br\/sescce\/?s={search_term_string}"},"query-input":{"@type":"PropertyValueSpecification","valueRequired":true,"valueName":"search_term_string"}}],"inLanguage":"pt-BR"}]}},"_links":{"self":[{"href":"https:\/\/www.fecomercio-ce.com.br\/sescce\/wp-json\/wp\/v2\/pages\/2691","targetHints":{"allow":["GET"]}}],"collection":[{"href":"https:\/\/www.fecomercio-ce.com.br\/sescce\/wp-json\/wp\/v2\/pages"}],"about":[{"href":"https:\/\/www.fecomercio-ce.com.br\/sescce\/wp-json\/wp\/v2\/types\/page"}],"author":[{"embeddable":true,"href":"https:\/\/www.fecomercio-ce.com.br\/sescce\/wp-json\/wp\/v2\/users\/1"}],"replies":[{"embeddable":true,"href":"https:\/\/www.fecomercio-ce.com.br\/sescce\/wp-json\/wp\/v2\/comments?post=2691"}],"version-history":[{"count":6,"href":"https:\/\/www.fecomercio-ce.com.br\/sescce\/wp-json\/wp\/v2\/pages\/2691\/revisions"}],"predecessor-version":[{"id":3510,"href":"https:\/\/www.fecomercio-ce.com.br\/sescce\/wp-json\/wp\/v2\/pages\/2691\/revisions\/3510"}],"up":[{"embeddable":true,"href":"https:\/\/www.fecomercio-ce.com.br\/sescce\/wp-json\/wp\/v2\/pages\/1746"}],"wp:featuredmedia":[{"embeddable":true,"href":"https:\/\/www.fecomercio-ce.com.br\/sescce\/wp-json\/wp\/v2\/media\/2743"}],"wp:attachment":[{"href":"https:\/\/www.fecomercio-ce.com.br\/sescce\/wp-json\/wp\/v2\/media?parent=2691"}],"curies":[{"name":"wp","href":"https:\/\/api.w.org\/{rel}","templated":true}]}}