{"id":3574,"date":"2026-01-06T15:01:52","date_gmt":"2026-01-06T18:01:52","guid":{"rendered":"https:\/\/www.fecomercio-ce.com.br\/sescce\/?page_id=3574"},"modified":"2026-01-07T17:25:40","modified_gmt":"2026-01-07T20:25:40","slug":"bibliotecas-sesc","status":"publish","type":"page","link":"https:\/\/www.fecomercio-ce.com.br\/sescce\/bibliotecas-sesc\/","title":{"rendered":"Bibliotecas Sesc"},"content":{"rendered":"<p>A Rede Sesc de Bibliotecas no Cear\u00e1 oferece \u00e0 popula\u00e7\u00e3o acesso gratuito ao acervo f\u00edsico e digital para consulta e leitura local. As atividades compreendem Capta\u00e7\u00e3o e difus\u00e3o de livros (Book Crossing), Consulta, Empr\u00e9stimo, Oficina e Pesquisa Document\u00e1ria.<\/p>\n<p>Al\u00e9m da Rede de bibliotecas nas unidades, o Sesc CE possui duas unidades m\u00f3veis de Biblioteca, o BiblioSesc, que atua como um servi\u00e7o de biblioteca volante, em bairros de Fortaleza e cidades da regi\u00e3o metropolitana. Para solicitar o BiblioSesc para o seu bairro ou cidade, entre em contato no e-mail: biblioteca@sesc-ce.com.br.<\/p>\n<p>COMO SE CADASTRAR<\/p>\n<p>Para realizar o cadastro, procure a Biblioteca Sesc mais pr\u00f3xima, com a seguinte documenta\u00e7\u00e3o:<\/p>\n<p>\u2013 Cart\u00e3o Sesc atualizado;<br \/>\n\u2013 RG e CPF;<br \/>\n\u2013 Comprovante de endere\u00e7o<\/p>\n<p>&nbsp;<\/p>\n<p>CAPITAL<br \/>\nBIBLIOTECA RACHEL DE QUEIROZ<br \/>\nUnidade Fortaleza do Sesc \u2013 Rua Clarindo de Queiroz, n\u00ba 1740 \u2013 Centro \u2013 Fortaleza-CE Tel.: (85) 3452.9088 Hor\u00e1rio de funcionamento: Segunda a Sexta, das 8 \u00e0s 21h e s\u00e1bado das 8h \u00e0s 12h<\/p>\n<p>BIBLIOTECA ROMEU ALDIGUERI<br \/>\nEscola de Gastronomia e Hotelaria do Cear\u00e1<br \/>\nRua Senador Jaguaribe, n\u00ba 324 \u2013 Moura Brasil \u2013 Fortaleza-CE<br \/>\nTel.: (85) 3455.2115 Hor\u00e1rio de funcionamento:<br \/>\nSegunda a Sexta, das 7h30 \u00e0s 17h<br \/>\nS\u00e1bados, das 8h \u00e0s 12h.<\/p>\n<p>INTERIOR<br \/>\nBIBLIOTECA SESC CRATO<br \/>\nUnidade Crato do Sesc \u2013 Rua Andr\u00e9 Cartaxo, n\u00ba 443 \u2013 Centro \u2013 Crato-CE Tel.: (88) 3523.4444 Hor\u00e1rio de funcionamento: Segunda a Sexta, das 08h \u00e0s 21h<\/p>\n<p>BIBLIOTECA SESC IGUATU<br \/>\nUnidade Iguatu do Sesc \u2013 Rua Treze de Maio, n\u00ba 1130 \u2013 Prado \u2013 Iguatu-CE Tel.: (88) 3581.1130 Hor\u00e1rio de funcionamento: Segunda a Sexta, das 7h \u00e0s 21h<\/p>\n<p>BIBLIOTECA SESC JUAZEIRO DO NORTE<br \/>\nUnidade Juazeiro do Norte do Sesc \u2013 Rua da Matriz, n\u00ba 227 \u2013 Centro \u2013 Juazeiro do Norte-CE Tel.: (88) 3512.3355 Hor\u00e1rio de funcionamento: Segunda a Sexta, das 8h \u00e0s 21h<\/p>\n<p>BIBLIOTECA AUR\u00c9LIO CAVALCANTE PONTE<br \/>\nUnidade Sobral do Sesc \u2013 Rua Boulevard Jo\u00e3o Barbosa, n\u00ba 902 \u2013 Centro \u2013 Sobral-CE Hor\u00e1rio de funcionamento: Segunda a Sexta, das 08h \u00e0s 21h<\/p>\n<p>SESC LER<br \/>\nBIBLIOTECA SESC LER ARACATI<br \/>\nSesc Ler Aracati \u2013 BR 304, Km 44, s\/n\u00ba \u2013 Pedregal \u2013 Aracati-CE Hor\u00e1rio de funcionamento: Segunda a Sexta, das 7h \u00e0s 11h e 13h as 17h<\/p>\n<p>BIBLIOTECA SESC MARIA DELITE<br \/>\nSesc Ler Crate\u00fas \u2013 Rua Padre C\u00edcero, n\u00ba 290 \u2013 F\u00e1tima I \u2013 Crate\u00fas-CE Hor\u00e1rio de funcionamento: Segunda a Sexta, das 8h \u00e0s 12h e 13h \u00e0s 17h<\/p>\n<p>BIBLIOTECA SESC LER IBIAPINA<br \/>\nSesc Ler Ibiapina \u2013 Av. \u00c1lvaro Soares s\/n\u00ba \u2013 Centro \u2013 Ibiapina-CE Hor\u00e1rio de funcionamento: Segunda a Sexta, das 8h \u00e0s 12h e 13h \u00e0s 17h<\/p>\n<p>BIBLIOTECA SESC ANTONIO CONSELHEIRO<br \/>\nSesc Ler Quixeramobim \u2013 Rua 14 de Agosto, s\/n\u00ba \u2013 Centro \u2013 Quixeramobim-CE Hor\u00e1rio de funcionamento: Segunda a Sexta, das 7h \u00e0s 11h e 13h \u00e0s 21h<\/p>\n<p>BIBLIOTECA SESC LER S\u00c3O GON\u00c7ALO DO AMARANTE<br \/>\nSesc Ler S\u00e3o Gon\u00e7alo do Amarante \u2013 Rua Filomena Martins, s\/n\u00ba \u2013 Conj. S\u00e3o Gon\u00e7alo \u2013 S\u00e3o Gon\u00e7alo do Amarante-CE Hor\u00e1rio de funcionamento: Segunda a Sexta, das 8h \u00e0s 12h e 13h as 17h<\/p>\n","protected":false},"excerpt":{"rendered":"<p>A Rede Sesc de Bibliotecas no Cear\u00e1 oferece \u00e0 popula\u00e7\u00e3o acesso gratuito ao acervo f\u00edsico e digital para consulta e leitura local. As atividades compreendem Capta\u00e7\u00e3o e difus\u00e3o de livros (Book Crossing), Consulta, Empr\u00e9stimo, Oficina e Pesquisa Document\u00e1ria. Al\u00e9m da Rede de bibliotecas nas unidades, o Sesc CE possui duas unidades m\u00f3veis de Biblioteca, o [&hellip;]<\/p>\n","protected":false},"author":1,"featured_media":0,"parent":0,"menu_order":0,"comment_status":"closed","ping_status":"closed","template":"page-lp-secondary.php","meta":{"_acf_changed":false,"footnotes":""},"class_list":["post-3574","page","type-page","status-publish","hentry"],"acf":[],"yoast_head":"<!-- This site is optimized with the Yoast SEO plugin v24.3 - https:\/\/yoast.com\/wordpress\/plugins\/seo\/ -->\n<title>Bibliotecas Sesc - Sesc Cear\u00e1<\/title>\n<meta name=\"robots\" content=\"index, follow, max-snippet:-1, max-image-preview:large, max-video-preview:-1\" \/>\n<link rel=\"canonical\" href=\"https:\/\/www.fecomercio-ce.com.br\/sescce\/bibliotecas-sesc\/\" \/>\n<meta property=\"og:locale\" content=\"pt_BR\" \/>\n<meta property=\"og:type\" content=\"article\" \/>\n<meta property=\"og:title\" content=\"Bibliotecas Sesc - Sesc Cear\u00e1\" \/>\n<meta property=\"og:description\" content=\"A Rede Sesc de Bibliotecas no Cear\u00e1 oferece \u00e0 popula\u00e7\u00e3o acesso gratuito ao acervo f\u00edsico e digital para consulta e leitura local. As atividades compreendem Capta\u00e7\u00e3o e difus\u00e3o de livros (Book Crossing), Consulta, Empr\u00e9stimo, Oficina e Pesquisa Document\u00e1ria. Al\u00e9m da Rede de bibliotecas nas unidades, o Sesc CE possui duas unidades m\u00f3veis de Biblioteca, o [&hellip;]\" \/>\n<meta property=\"og:url\" content=\"https:\/\/www.fecomercio-ce.com.br\/sescce\/bibliotecas-sesc\/\" \/>\n<meta property=\"og:site_name\" content=\"Sesc Cear\u00e1\" \/>\n<meta property=\"article:modified_time\" content=\"2026-01-07T20:25:40+00:00\" \/>\n<meta name=\"twitter:card\" content=\"summary_large_image\" \/>\n<meta name=\"twitter:label1\" content=\"Est. tempo de leitura\" \/>\n\t<meta name=\"twitter:data1\" content=\"3 minutos\" \/>\n<script type=\"application\/ld+json\" class=\"yoast-schema-graph\">{\"@context\":\"https:\/\/schema.org\",\"@graph\":[{\"@type\":\"WebPage\",\"@id\":\"https:\/\/www.fecomercio-ce.com.br\/sescce\/bibliotecas-sesc\/\",\"url\":\"https:\/\/www.fecomercio-ce.com.br\/sescce\/bibliotecas-sesc\/\",\"name\":\"Bibliotecas Sesc - Sesc Cear\u00e1\",\"isPartOf\":{\"@id\":\"https:\/\/www.fecomercio-ce.com.br\/sescce\/#website\"},\"datePublished\":\"2026-01-06T18:01:52+00:00\",\"dateModified\":\"2026-01-07T20:25:40+00:00\",\"breadcrumb\":{\"@id\":\"https:\/\/www.fecomercio-ce.com.br\/sescce\/bibliotecas-sesc\/#breadcrumb\"},\"inLanguage\":\"pt-BR\",\"potentialAction\":[{\"@type\":\"ReadAction\",\"target\":[\"https:\/\/www.fecomercio-ce.com.br\/sescce\/bibliotecas-sesc\/\"]}]},{\"@type\":\"BreadcrumbList\",\"@id\":\"https:\/\/www.fecomercio-ce.com.br\/sescce\/bibliotecas-sesc\/#breadcrumb\",\"itemListElement\":[{\"@type\":\"ListItem\",\"position\":1,\"name\":\"In\u00edcio\",\"item\":\"https:\/\/www.fecomercio-ce.com.br\/sescce\/\"},{\"@type\":\"ListItem\",\"position\":2,\"name\":\"Bibliotecas Sesc\"}]},{\"@type\":\"WebSite\",\"@id\":\"https:\/\/www.fecomercio-ce.com.br\/sescce\/#website\",\"url\":\"https:\/\/www.fecomercio-ce.com.br\/sescce\/\",\"name\":\"Sesc Cear\u00e1\",\"description\":\"O Servi\u00e7o Social do Com\u00e9rcio (Sesc), bra\u00e7o social do Sistema Fecom\u00e9rcio-CE. Atua nas \u00e1reas de Educa\u00e7\u00e3o, Cultura, Lazer, Sa\u00fade e Assist\u00eancia.\",\"potentialAction\":[{\"@type\":\"SearchAction\",\"target\":{\"@type\":\"EntryPoint\",\"urlTemplate\":\"https:\/\/www.fecomercio-ce.com.br\/sescce\/?s={search_term_string}\"},\"query-input\":{\"@type\":\"PropertyValueSpecification\",\"valueRequired\":true,\"valueName\":\"search_term_string\"}}],\"inLanguage\":\"pt-BR\"}]}<\/script>\n<!-- \/ Yoast SEO plugin. -->","yoast_head_json":{"title":"Bibliotecas Sesc - Sesc Cear\u00e1","robots":{"index":"index","follow":"follow","max-snippet":"max-snippet:-1","max-image-preview":"max-image-preview:large","max-video-preview":"max-video-preview:-1"},"canonical":"https:\/\/www.fecomercio-ce.com.br\/sescce\/bibliotecas-sesc\/","og_locale":"pt_BR","og_type":"article","og_title":"Bibliotecas Sesc - Sesc Cear\u00e1","og_description":"A Rede Sesc de Bibliotecas no Cear\u00e1 oferece \u00e0 popula\u00e7\u00e3o acesso gratuito ao acervo f\u00edsico e digital para consulta e leitura local. As atividades compreendem Capta\u00e7\u00e3o e difus\u00e3o de livros (Book Crossing), Consulta, Empr\u00e9stimo, Oficina e Pesquisa Document\u00e1ria. Al\u00e9m da Rede de bibliotecas nas unidades, o Sesc CE possui duas unidades m\u00f3veis de Biblioteca, o [&hellip;]","og_url":"https:\/\/www.fecomercio-ce.com.br\/sescce\/bibliotecas-sesc\/","og_site_name":"Sesc Cear\u00e1","article_modified_time":"2026-01-07T20:25:40+00:00","twitter_card":"summary_large_image","twitter_misc":{"Est. tempo de leitura":"3 minutos"},"schema":{"@context":"https:\/\/schema.org","@graph":[{"@type":"WebPage","@id":"https:\/\/www.fecomercio-ce.com.br\/sescce\/bibliotecas-sesc\/","url":"https:\/\/www.fecomercio-ce.com.br\/sescce\/bibliotecas-sesc\/","name":"Bibliotecas Sesc - Sesc Cear\u00e1","isPartOf":{"@id":"https:\/\/www.fecomercio-ce.com.br\/sescce\/#website"},"datePublished":"2026-01-06T18:01:52+00:00","dateModified":"2026-01-07T20:25:40+00:00","breadcrumb":{"@id":"https:\/\/www.fecomercio-ce.com.br\/sescce\/bibliotecas-sesc\/#breadcrumb"},"inLanguage":"pt-BR","potentialAction":[{"@type":"ReadAction","target":["https:\/\/www.fecomercio-ce.com.br\/sescce\/bibliotecas-sesc\/"]}]},{"@type":"BreadcrumbList","@id":"https:\/\/www.fecomercio-ce.com.br\/sescce\/bibliotecas-sesc\/#breadcrumb","itemListElement":[{"@type":"ListItem","position":1,"name":"In\u00edcio","item":"https:\/\/www.fecomercio-ce.com.br\/sescce\/"},{"@type":"ListItem","position":2,"name":"Bibliotecas Sesc"}]},{"@type":"WebSite","@id":"https:\/\/www.fecomercio-ce.com.br\/sescce\/#website","url":"https:\/\/www.fecomercio-ce.com.br\/sescce\/","name":"Sesc Cear\u00e1","description":"O Servi\u00e7o Social do Com\u00e9rcio (Sesc), bra\u00e7o social do Sistema Fecom\u00e9rcio-CE. Atua nas \u00e1reas de Educa\u00e7\u00e3o, Cultura, Lazer, Sa\u00fade e Assist\u00eancia.","potentialAction":[{"@type":"SearchAction","target":{"@type":"EntryPoint","urlTemplate":"https:\/\/www.fecomercio-ce.com.br\/sescce\/?s={search_term_string}"},"query-input":{"@type":"PropertyValueSpecification","valueRequired":true,"valueName":"search_term_string"}}],"inLanguage":"pt-BR"}]}},"_links":{"self":[{"href":"https:\/\/www.fecomercio-ce.com.br\/sescce\/wp-json\/wp\/v2\/pages\/3574","targetHints":{"allow":["GET"]}}],"collection":[{"href":"https:\/\/www.fecomercio-ce.com.br\/sescce\/wp-json\/wp\/v2\/pages"}],"about":[{"href":"https:\/\/www.fecomercio-ce.com.br\/sescce\/wp-json\/wp\/v2\/types\/page"}],"author":[{"embeddable":true,"href":"https:\/\/www.fecomercio-ce.com.br\/sescce\/wp-json\/wp\/v2\/users\/1"}],"replies":[{"embeddable":true,"href":"https:\/\/www.fecomercio-ce.com.br\/sescce\/wp-json\/wp\/v2\/comments?post=3574"}],"version-history":[{"count":11,"href":"https:\/\/www.fecomercio-ce.com.br\/sescce\/wp-json\/wp\/v2\/pages\/3574\/revisions"}],"predecessor-version":[{"id":3677,"href":"https:\/\/www.fecomercio-ce.com.br\/sescce\/wp-json\/wp\/v2\/pages\/3574\/revisions\/3677"}],"wp:attachment":[{"href":"https:\/\/www.fecomercio-ce.com.br\/sescce\/wp-json\/wp\/v2\/media?parent=3574"}],"curies":[{"name":"wp","href":"https:\/\/api.w.org\/{rel}","templated":true}]}}