{"id":942,"date":"2025-05-08T13:28:05","date_gmt":"2025-05-08T16:28:05","guid":{"rendered":"https:\/\/www.fecomercio-ce.com.br\/sescce\/?page_id=942"},"modified":"2025-05-08T13:28:05","modified_gmt":"2025-05-08T16:28:05","slug":"sobre-o-turismo-social","status":"publish","type":"page","link":"https:\/\/www.fecomercio-ce.com.br\/sescce\/sobre-o-turismo-social\/","title":{"rendered":"Sobre o Turismo Social"},"content":{"rendered":"<p>Principal operador de turismo social do Brasil, o Sesc realiza mensalmente passeios e excurs\u00f5es para o Pa\u00eds inteiro, como forma de inclus\u00e3o social, possibilitando e democratizando o acesso a novas culturas, povos e lugares aos trabalhadores do com\u00e9rcio de bens, servi\u00e7os e turismo, seus dependentes e para a sociedade.<\/p>\n<p>O Sesc disp\u00f5e ainda do Sesc Iparana- Hotel Ecol\u00f3gico localizado na praia de Iparana a 14,2km do Centro de Fortaleza, que oferece hospedagem e v\u00e1rias op\u00e7\u00f5es de lazer, al\u00e9m de desenvolver a\u00e7\u00f5es de prote\u00e7\u00e3o ao meio-ambiente.<\/p>\n<p>Investir no Turismo Social \u00e9 permitir que um n\u00famero maior de pessoas possa viajar com qualidade e pre\u00e7os acess\u00edveis. Al\u00e9m dos pre\u00e7os das viagens, os servi\u00e7os agregados como alimenta\u00e7\u00e3o, guia de turismo e translado de qualidade s\u00e3o diferenciais que garantem a qualidade e grande procura.<\/p>\n<p>INFORMA\u00c7\u00d5ES:<br \/>\nCentral de Relacionamento com Clientes<br \/>\nDe segunda a sexta-feira, das 8h \u00e0 s 18h.<\/p>\n","protected":false},"excerpt":{"rendered":"<p>Principal operador de turismo social do Brasil, o Sesc realiza mensalmente passeios e excurs\u00f5es para o Pa\u00eds inteiro, como forma de inclus\u00e3o social, possibilitando e democratizando o acesso a novas culturas, povos e lugares aos trabalhadores do com\u00e9rcio de bens, servi\u00e7os e turismo, seus dependentes e para a sociedade. O Sesc disp\u00f5e ainda do Sesc [&hellip;]<\/p>\n","protected":false},"author":1,"featured_media":0,"parent":0,"menu_order":0,"comment_status":"closed","ping_status":"closed","template":"page-content.php","meta":{"_acf_changed":false,"footnotes":""},"class_list":["post-942","page","type-page","status-publish","hentry"],"acf":[],"yoast_head":"<!-- This site is optimized with the Yoast SEO plugin v24.3 - https:\/\/yoast.com\/wordpress\/plugins\/seo\/ -->\n<title>Sobre o Turismo Social - Sesc Cear\u00e1<\/title>\n<meta name=\"robots\" content=\"index, follow, max-snippet:-1, max-image-preview:large, max-video-preview:-1\" \/>\n<link rel=\"canonical\" href=\"https:\/\/www.fecomercio-ce.com.br\/sescce\/sobre-o-turismo-social\/\" \/>\n<meta property=\"og:locale\" content=\"pt_BR\" \/>\n<meta property=\"og:type\" content=\"article\" \/>\n<meta property=\"og:title\" content=\"Sobre o Turismo Social - Sesc Cear\u00e1\" \/>\n<meta property=\"og:description\" content=\"Principal operador de turismo social do Brasil, o Sesc realiza mensalmente passeios e excurs\u00f5es para o Pa\u00eds inteiro, como forma de inclus\u00e3o social, possibilitando e democratizando o acesso a novas culturas, povos e lugares aos trabalhadores do com\u00e9rcio de bens, servi\u00e7os e turismo, seus dependentes e para a sociedade. O Sesc disp\u00f5e ainda do Sesc [&hellip;]\" \/>\n<meta property=\"og:url\" content=\"https:\/\/www.fecomercio-ce.com.br\/sescce\/sobre-o-turismo-social\/\" \/>\n<meta property=\"og:site_name\" content=\"Sesc Cear\u00e1\" \/>\n<meta name=\"twitter:card\" content=\"summary_large_image\" \/>\n<script type=\"application\/ld+json\" class=\"yoast-schema-graph\">{\"@context\":\"https:\/\/schema.org\",\"@graph\":[{\"@type\":\"WebPage\",\"@id\":\"https:\/\/www.fecomercio-ce.com.br\/sescce\/sobre-o-turismo-social\/\",\"url\":\"https:\/\/www.fecomercio-ce.com.br\/sescce\/sobre-o-turismo-social\/\",\"name\":\"Sobre o Turismo Social - Sesc Cear\u00e1\",\"isPartOf\":{\"@id\":\"https:\/\/www.fecomercio-ce.com.br\/sescce\/#website\"},\"datePublished\":\"2025-05-08T16:28:05+00:00\",\"dateModified\":\"2025-05-08T16:28:05+00:00\",\"breadcrumb\":{\"@id\":\"https:\/\/www.fecomercio-ce.com.br\/sescce\/sobre-o-turismo-social\/#breadcrumb\"},\"inLanguage\":\"pt-BR\",\"potentialAction\":[{\"@type\":\"ReadAction\",\"target\":[\"https:\/\/www.fecomercio-ce.com.br\/sescce\/sobre-o-turismo-social\/\"]}]},{\"@type\":\"BreadcrumbList\",\"@id\":\"https:\/\/www.fecomercio-ce.com.br\/sescce\/sobre-o-turismo-social\/#breadcrumb\",\"itemListElement\":[{\"@type\":\"ListItem\",\"position\":1,\"name\":\"In\u00edcio\",\"item\":\"https:\/\/www.fecomercio-ce.com.br\/sescce\/\"},{\"@type\":\"ListItem\",\"position\":2,\"name\":\"Sobre o Turismo Social\"}]},{\"@type\":\"WebSite\",\"@id\":\"https:\/\/www.fecomercio-ce.com.br\/sescce\/#website\",\"url\":\"https:\/\/www.fecomercio-ce.com.br\/sescce\/\",\"name\":\"Sesc Cear\u00e1\",\"description\":\"O Servi\u00e7o Social do Com\u00e9rcio (Sesc), bra\u00e7o social do Sistema Fecom\u00e9rcio-CE. Atua nas \u00e1reas de Educa\u00e7\u00e3o, Cultura, Lazer, Sa\u00fade e Assist\u00eancia.\",\"potentialAction\":[{\"@type\":\"SearchAction\",\"target\":{\"@type\":\"EntryPoint\",\"urlTemplate\":\"https:\/\/www.fecomercio-ce.com.br\/sescce\/?s={search_term_string}\"},\"query-input\":{\"@type\":\"PropertyValueSpecification\",\"valueRequired\":true,\"valueName\":\"search_term_string\"}}],\"inLanguage\":\"pt-BR\"}]}<\/script>\n<!-- \/ Yoast SEO plugin. -->","yoast_head_json":{"title":"Sobre o Turismo Social - Sesc Cear\u00e1","robots":{"index":"index","follow":"follow","max-snippet":"max-snippet:-1","max-image-preview":"max-image-preview:large","max-video-preview":"max-video-preview:-1"},"canonical":"https:\/\/www.fecomercio-ce.com.br\/sescce\/sobre-o-turismo-social\/","og_locale":"pt_BR","og_type":"article","og_title":"Sobre o Turismo Social - Sesc Cear\u00e1","og_description":"Principal operador de turismo social do Brasil, o Sesc realiza mensalmente passeios e excurs\u00f5es para o Pa\u00eds inteiro, como forma de inclus\u00e3o social, possibilitando e democratizando o acesso a novas culturas, povos e lugares aos trabalhadores do com\u00e9rcio de bens, servi\u00e7os e turismo, seus dependentes e para a sociedade. O Sesc disp\u00f5e ainda do Sesc [&hellip;]","og_url":"https:\/\/www.fecomercio-ce.com.br\/sescce\/sobre-o-turismo-social\/","og_site_name":"Sesc Cear\u00e1","twitter_card":"summary_large_image","schema":{"@context":"https:\/\/schema.org","@graph":[{"@type":"WebPage","@id":"https:\/\/www.fecomercio-ce.com.br\/sescce\/sobre-o-turismo-social\/","url":"https:\/\/www.fecomercio-ce.com.br\/sescce\/sobre-o-turismo-social\/","name":"Sobre o Turismo Social - Sesc Cear\u00e1","isPartOf":{"@id":"https:\/\/www.fecomercio-ce.com.br\/sescce\/#website"},"datePublished":"2025-05-08T16:28:05+00:00","dateModified":"2025-05-08T16:28:05+00:00","breadcrumb":{"@id":"https:\/\/www.fecomercio-ce.com.br\/sescce\/sobre-o-turismo-social\/#breadcrumb"},"inLanguage":"pt-BR","potentialAction":[{"@type":"ReadAction","target":["https:\/\/www.fecomercio-ce.com.br\/sescce\/sobre-o-turismo-social\/"]}]},{"@type":"BreadcrumbList","@id":"https:\/\/www.fecomercio-ce.com.br\/sescce\/sobre-o-turismo-social\/#breadcrumb","itemListElement":[{"@type":"ListItem","position":1,"name":"In\u00edcio","item":"https:\/\/www.fecomercio-ce.com.br\/sescce\/"},{"@type":"ListItem","position":2,"name":"Sobre o Turismo Social"}]},{"@type":"WebSite","@id":"https:\/\/www.fecomercio-ce.com.br\/sescce\/#website","url":"https:\/\/www.fecomercio-ce.com.br\/sescce\/","name":"Sesc Cear\u00e1","description":"O Servi\u00e7o Social do Com\u00e9rcio (Sesc), bra\u00e7o social do Sistema Fecom\u00e9rcio-CE. Atua nas \u00e1reas de Educa\u00e7\u00e3o, Cultura, Lazer, Sa\u00fade e Assist\u00eancia.","potentialAction":[{"@type":"SearchAction","target":{"@type":"EntryPoint","urlTemplate":"https:\/\/www.fecomercio-ce.com.br\/sescce\/?s={search_term_string}"},"query-input":{"@type":"PropertyValueSpecification","valueRequired":true,"valueName":"search_term_string"}}],"inLanguage":"pt-BR"}]}},"_links":{"self":[{"href":"https:\/\/www.fecomercio-ce.com.br\/sescce\/wp-json\/wp\/v2\/pages\/942","targetHints":{"allow":["GET"]}}],"collection":[{"href":"https:\/\/www.fecomercio-ce.com.br\/sescce\/wp-json\/wp\/v2\/pages"}],"about":[{"href":"https:\/\/www.fecomercio-ce.com.br\/sescce\/wp-json\/wp\/v2\/types\/page"}],"author":[{"embeddable":true,"href":"https:\/\/www.fecomercio-ce.com.br\/sescce\/wp-json\/wp\/v2\/users\/1"}],"replies":[{"embeddable":true,"href":"https:\/\/www.fecomercio-ce.com.br\/sescce\/wp-json\/wp\/v2\/comments?post=942"}],"version-history":[{"count":1,"href":"https:\/\/www.fecomercio-ce.com.br\/sescce\/wp-json\/wp\/v2\/pages\/942\/revisions"}],"predecessor-version":[{"id":943,"href":"https:\/\/www.fecomercio-ce.com.br\/sescce\/wp-json\/wp\/v2\/pages\/942\/revisions\/943"}],"wp:attachment":[{"href":"https:\/\/www.fecomercio-ce.com.br\/sescce\/wp-json\/wp\/v2\/media?parent=942"}],"curies":[{"name":"wp","href":"https:\/\/api.w.org\/{rel}","templated":true}]}}

<p>Principal operador de turismo social do Brasil, o Sesc realiza mensalmente passeios e excursões para o País inteiro, como forma de inclusão social, possibilitando e democratizando o acesso a novas culturas, povos e lugares aos trabalhadores do comércio de bens, serviços e turismo, seus dependentes e para a sociedade.</p>
<p>O Sesc dispõe ainda do Sesc Iparana- Hotel Ecológico localizado na praia de Iparana a 14,2km do Centro de Fortaleza, que oferece hospedagem e várias opções de lazer, além de desenvolver ações de proteção ao meio-ambiente.</p>
<p>Investir no Turismo Social é permitir que um número maior de pessoas possa viajar com qualidade e preços acessíveis. Além dos preços das viagens, os serviços agregados como alimentação, guia de turismo e translado de qualidade são diferenciais que garantem a qualidade e grande procura.</p>
<p>INFORMAÇÕES:<br />
Central de Relacionamento com Clientes<br />
De segunda a sexta-feira, das 8h à s 18h.</p>

<p>Principal operador de turismo social do Brasil, o Sesc realiza mensalmente passeios e excursões para o País inteiro, como forma de inclusão social, possibilitando e democratizando o acesso a novas culturas, povos e lugares aos trabalhadores do comércio de bens, serviços e turismo, seus dependentes e para a sociedade. O Sesc dispõe ainda do Sesc [&hellip;]</p>

<!-- This site is optimized with the Yoast SEO plugin v24.3 - https://yoast.com/wordpress/plugins/seo/ -->
<title>Sobre o Turismo Social - Sesc Ceará</title>
<meta name="robots" content="index, follow, max-snippet:-1, max-image-preview:large, max-video-preview:-1" />
<link rel="canonical" href="https://www.fecomercio-ce.com.br/sescce/sobre-o-turismo-social/" />
<meta property="og:locale" content="pt_BR" />
<meta property="og:type" content="article" />
<meta property="og:title" content="Sobre o Turismo Social - Sesc Ceará" />
<meta property="og:description" content="Principal operador de turismo social do Brasil, o Sesc realiza mensalmente passeios e excursões para o País inteiro, como forma de inclusão social, possibilitando e democratizando o acesso a novas culturas, povos e lugares aos trabalhadores do comércio de bens, serviços e turismo, seus dependentes e para a sociedade. O Sesc dispõe ainda do Sesc [&hellip;]" />
<meta property="og:url" content="https://www.fecomercio-ce.com.br/sescce/sobre-o-turismo-social/" />
<meta property="og:site_name" content="Sesc Ceará" />
<meta name="twitter:card" content="summary_large_image" />
<script type="application/ld+json" class="yoast-schema-graph">{"@context":"https://schema.org","@graph":[{"@type":"WebPage","@id":"https://www.fecomercio-ce.com.br/sescce/sobre-o-turismo-social/","url":"https://www.fecomercio-ce.com.br/sescce/sobre-o-turismo-social/","name":"Sobre o Turismo Social - Sesc Ceará","isPartOf":{"@id":"https://www.fecomercio-ce.com.br/sescce/#website"},"datePublished":"2025-05-08T16:28:05+00:00","dateModified":"2025-05-08T16:28:05+00:00","breadcrumb":{"@id":"https://www.fecomercio-ce.com.br/sescce/sobre-o-turismo-social/#breadcrumb"},"inLanguage":"pt-BR","potentialAction":[{"@type":"ReadAction","target":["https://www.fecomercio-ce.com.br/sescce/sobre-o-turismo-social/"]}]},{"@type":"BreadcrumbList","@id":"https://www.fecomercio-ce.com.br/sescce/sobre-o-turismo-social/#breadcrumb","itemListElement":[{"@type":"ListItem","position":1,"name":"Início","item":"https://www.fecomercio-ce.com.br/sescce/"},{"@type":"ListItem","position":2,"name":"Sobre o Turismo Social"}]},{"@type":"WebSite","@id":"https://www.fecomercio-ce.com.br/sescce/#website","url":"https://www.fecomercio-ce.com.br/sescce/","name":"Sesc Ceará","description":"O Serviço Social do Comércio (Sesc), braço social do Sistema Fecomércio-CE. Atua nas áreas de Educação, Cultura, Lazer, Saúde e Assistência.","potentialAction":[{"@type":"SearchAction","target":{"@type":"EntryPoint","urlTemplate":"https://www.fecomercio-ce.com.br/sescce/?s={search_term_string}"},"query-input":{"@type":"PropertyValueSpecification","valueRequired":true,"valueName":"search_term_string"}}],"inLanguage":"pt-BR"}]}</script>
<!-- / Yoast SEO plugin. -->

Sobre o Turismo Social - Sesc Ceará

Principal operador de turismo social do Brasil, o Sesc realiza mensalmente passeios e excursões para o País inteiro, como forma de inclusão social, possibilitando e democratizando o acesso a novas culturas, povos e lugares aos trabalhadores do comércio de bens, serviços e turismo, seus dependentes e para a sociedade. O Sesc dispõe ainda do Sesc [&hellip;]

Sesc Ceará

Início

O Serviço Social do Comércio (Sesc), braço social do Sistema Fecomércio-CE. Atua nas áreas de Educação, Cultura, Lazer, Saúde e Assistência.
